CRAN Package Check Results for Package RcmdrPlugin.HH

Last updated on 2021-10-27 05:55:19 CEST.

Flavor Version Tinstall Tcheck Ttotal Status Flags
r-devel-linux-x86_64-debian-clang 1.1-47 25.77 161.90 187.67 OK
r-devel-linux-x86_64-debian-gcc 1.1-47 19.73 122.26 141.99 OK
r-devel-linux-x86_64-fedora-clang 1.1-47 247.29 NOTE
r-devel-linux-x86_64-fedora-gcc 1.1-47 224.07 OK
r-devel-windows-x86_64 1.1-47 34.00 186.00 220.00 OK
r-devel-windows-x86_64-gcc10-UCRT 1.1-47 OK
r-patched-linux-x86_64 1.1-47 23.65 156.12 179.77 OK
r-patched-solaris-x86 1.1-47 316.00 OK
r-release-linux-x86_64 1.1-47 23.03 154.97 178.00 OK
r-release-macos-arm64 1.1-47 OK
r-release-macos-x86_64 1.1-47 OK
r-release-windows-ix86+x86_64 1.1-47 36.00 185.00 221.00 OK
r-oldrel-macos-x86_64 1.1-47 OK
r-oldrel-windows-ix86+x86_64 1.1-47 56.00 192.00 248.00 OK

Check Details

Version: 1.1-47
Check: Rd cross-references
Result: NOTE
    Undeclared packages ‘car’, ‘leaps’, ‘latticeExtra’, ‘rgl’ in Rd xrefs
Flavor: r-devel-linux-x86_64-fedora-clang