CRAN Package Check Results for Package RcmdrPlugin.IPSUR

Last updated on 2021-10-15 05:54:01 CEST.

Flavor Version Tinstall Tcheck Ttotal Status Flags
r-devel-linux-x86_64-debian-clang 0.2-1.1 31.77 162.91 194.68 NOTE
r-devel-linux-x86_64-debian-gcc 0.2-1.1 23.42 121.46 144.88 NOTE
r-devel-linux-x86_64-fedora-clang 0.2-1.1 254.27 NOTE
r-devel-linux-x86_64-fedora-gcc 0.2-1.1 239.88 NOTE
r-devel-windows-x86_64 0.2-1.1 55.00 128.00 183.00 NOTE
r-devel-windows-x86_64-gcc10-UCRT 0.2-1.1 NOTE
r-patched-linux-x86_64 0.2-1.1 30.41 158.06 188.47 NOTE
r-patched-solaris-x86 0.2-1.1 358.40 NOTE
r-release-linux-x86_64 0.2-1.1 28.98 156.19 185.17 NOTE
r-release-macos-arm64 0.2-1.1 NOTE
r-release-macos-x86_64 0.2-1.1 NOTE
r-release-windows-ix86+x86_64 0.2-1.1 53.00 176.00 229.00 NOTE
r-oldrel-macos-x86_64 0.2-1.1 NOTE
r-oldrel-windows-ix86+x86_64 0.2-1.1 55.00 179.00 234.00 NOTE

Check Details

Version: 0.2-1.1
Check: dependencies in R code
Result: NOTE
    'library' or 'require' calls in package code:
     'abind' 'e1071' 'qcc'
     Please use :: or requireNamespace() instead.
     See section 'Suggested packages' in the 'Writing R Extensions' manual.
Flavors: r-devel-linux-x86_64-debian-clang, r-devel-linux-x86_64-debian-gcc, r-devel-linux-x86_64-fedora-clang, r-devel-linux-x86_64-fedora-gcc, r-devel-windows-x86_64, r-devel-windows-x86_64-gcc10-UCRT, r-patched-linux-x86_64, r-patched-solaris-x86, r-release-linux-x86_64, r-release-macos-arm64, r-release-macos-x86_64, r-release-windows-ix86+x86_64, r-oldrel-macos-x86_64, r-oldrel-windows-ix86+x86_64

Version: 0.2-1.1
Check: package dependencies
Result: NOTE
    Package suggested but not available for checking: ‘RODBC’
Flavor: r-release-macos-arm64