CRAN Package Check Results for Package RcmdrPlugin.PcaRobust

Last updated on 2021-10-27 05:55:19 CEST.

Flavor Version Tinstall Tcheck Ttotal Status Flags
r-devel-linux-x86_64-debian-clang 1.1.4 17.75 130.12 147.87 NOTE
r-devel-linux-x86_64-debian-gcc 1.1.4 14.62 99.46 114.08 NOTE
r-devel-linux-x86_64-fedora-clang 1.1.4 194.17 NOTE
r-devel-linux-x86_64-fedora-gcc 1.1.4 181.78 NOTE
r-devel-windows-x86_64 1.1.4 24.00 113.00 137.00 NOTE
r-devel-windows-x86_64-gcc10-UCRT 1.1.4 NOTE
r-patched-linux-x86_64 1.1.4 17.39 125.34 142.73 NOTE
r-patched-solaris-x86 1.1.4 300.90 NOTE
r-release-linux-x86_64 1.1.4 16.27 123.88 140.15 NOTE
r-release-macos-arm64 1.1.4 NOTE
r-release-macos-x86_64 1.1.4 NOTE
r-release-windows-ix86+x86_64 1.1.4 26.00 153.00 179.00 NOTE
r-oldrel-macos-x86_64 1.1.4 OK
r-oldrel-windows-ix86+x86_64 1.1.4 41.00 157.00 198.00 OK

Check Details

Version: 1.1.4
Check: LazyData
Result: NOTE
     'LazyData' is specified without a 'data' directory
Flavors: r-devel-linux-x86_64-debian-clang, r-devel-linux-x86_64-debian-gcc, r-devel-linux-x86_64-fedora-clang, r-devel-linux-x86_64-fedora-gcc, r-devel-windows-x86_64, r-devel-windows-x86_64-gcc10-UCRT, r-patched-linux-x86_64, r-patched-solaris-x86, r-release-linux-x86_64, r-release-macos-arm64, r-release-macos-x86_64, r-release-windows-ix86+x86_64