CRAN Package Check Results for Package RcmdrPlugin.SLC

Last updated on 2021-10-27 05:55:19 CEST.

Flavor Version Tinstall Tcheck Ttotal Status Flags
r-devel-linux-x86_64-debian-clang 0.2 15.62 113.11 128.73 NOTE
r-devel-linux-x86_64-debian-gcc 0.2 13.13 87.23 100.36 NOTE
r-devel-linux-x86_64-fedora-clang 0.2 170.61 NOTE
r-devel-linux-x86_64-fedora-gcc 0.2 157.10 NOTE
r-devel-windows-x86_64 0.2 22.00 99.00 121.00 NOTE
r-devel-windows-x86_64-gcc10-UCRT 0.2 NOTE
r-patched-linux-x86_64 0.2 15.07 108.55 123.62 NOTE
r-patched-solaris-x86 0.2 263.50 NOTE
r-release-linux-x86_64 0.2 15.19 107.58 122.77 NOTE
r-release-macos-arm64 0.2 NOTE
r-release-macos-x86_64 0.2 NOTE
r-release-windows-ix86+x86_64 0.2 24.00 139.00 163.00 NOTE
r-oldrel-macos-x86_64 0.2 NOTE
r-oldrel-windows-ix86+x86_64 0.2 39.00 137.00 176.00 NOTE

Check Details

Version: 0.2
Check: dependencies in R code
Result: NOTE
    'library' or 'require' call to 'SLC' which was already attached by Depends.
     Please remove these calls from your code.
    Package in Depends field not imported from: 'SLC'
     These packages need to be imported from (in the NAMESPACE file)
     for when this namespace is loaded but not attached.
Flavors: r-devel-linux-x86_64-debian-clang, r-devel-linux-x86_64-debian-gcc, r-devel-linux-x86_64-fedora-clang, r-devel-linux-x86_64-fedora-gcc, r-devel-windows-x86_64, r-devel-windows-x86_64-gcc10-UCRT, r-patched-linux-x86_64, r-patched-solaris-x86, r-release-linux-x86_64, r-release-macos-arm64, r-release-macos-x86_64, r-release-windows-ix86+x86_64, r-oldrel-macos-x86_64, r-oldrel-windows-ix86+x86_64