CRAN Package Check Results for Package RcmdrPlugin.TeachStat

Last updated on 2021-10-19 05:51:12 CEST.

Flavor Version Tinstall Tcheck Ttotal Status Flags
r-devel-linux-x86_64-debian-clang 1.1.0 32.53 180.95 213.48 OK
r-devel-linux-x86_64-debian-gcc 1.1.0 25.78 136.99 162.77 OK
r-devel-linux-x86_64-fedora-clang 1.1.0 277.23 NOTE
r-devel-linux-x86_64-fedora-gcc 1.1.0 265.02 OK
r-devel-windows-x86_64 1.1.0 41.00 205.00 246.00 OK
r-devel-windows-x86_64-gcc10-UCRT 1.1.0 OK
r-patched-linux-x86_64 1.1.0 39.93 175.57 215.50 OK
r-patched-solaris-x86 1.1.0 406.30 OK
r-release-linux-x86_64 1.1.0 31.87 173.30 205.17 OK
r-release-macos-arm64 1.1.0 OK
r-release-macos-x86_64 1.1.0 OK
r-release-windows-ix86+x86_64 1.1.0 52.00 195.00 247.00 OK
r-oldrel-macos-x86_64 1.1.0 OK
r-oldrel-windows-ix86+x86_64 1.1.0 59.00 199.00 258.00 OK

Check Details

Version: 1.1.0
Check: Rd cross-references
Result: NOTE
    Undeclared packages ‘e1071’, ‘RcmdrMisc’ in Rd xrefs
Flavor: r-devel-linux-x86_64-fedora-clang