CRAN Package Check Results for Package RcmdrPlugin.aRnova

Last updated on 2021-10-27 05:55:19 CEST.

Flavor Version Tinstall Tcheck Ttotal Status Flags
r-devel-linux-x86_64-debian-clang 0.0.5 19.39 126.10 145.49 OK
r-devel-linux-x86_64-debian-gcc 0.0.5 14.21 95.84 110.05 OK
r-devel-linux-x86_64-fedora-clang 0.0.5 190.25 NOTE
r-devel-linux-x86_64-fedora-gcc 0.0.5 176.35 OK
r-devel-windows-x86_64 0.0.5 26.00 153.00 179.00 OK
r-devel-windows-x86_64-gcc10-UCRT 0.0.5 OK
r-patched-linux-x86_64 0.0.5 17.62 119.82 137.44 OK
r-patched-solaris-x86 0.0.5 283.60 OK
r-release-linux-x86_64 0.0.5 17.28 120.65 137.93 OK
r-release-macos-arm64 0.0.5 OK
r-release-macos-x86_64 0.0.5 OK
r-release-windows-ix86+x86_64 0.0.5 27.00 149.00 176.00 OK
r-oldrel-macos-x86_64 0.0.5 OK
r-oldrel-windows-ix86+x86_64 0.0.5 42.00 157.00 199.00 OK

Check Details

Version: 0.0.5
Check: Rd cross-references
Result: NOTE
    Undeclared package ‘car’ in Rd xrefs
Flavor: r-devel-linux-x86_64-fedora-clang