CRAN Package Check Results for Package RcmdrPlugin.coin

Last updated on 2021-10-27 05:55:19 CEST.

Flavor Version Tinstall Tcheck Ttotal Status Flags
r-devel-linux-x86_64-debian-clang 1.0-22 19.64 143.78 163.42 NOTE
r-devel-linux-x86_64-debian-gcc 1.0-22 17.42 107.08 124.50 NOTE
r-devel-linux-x86_64-fedora-clang 1.0-22 207.81 NOTE
r-devel-linux-x86_64-fedora-gcc 1.0-22 196.28 NOTE
r-devel-windows-x86_64 1.0-22 29.00 169.00 198.00 NOTE
r-devel-windows-x86_64-gcc10-UCRT 1.0-22 NOTE
r-patched-linux-x86_64 1.0-22 17.62 135.61 153.23 NOTE
r-patched-solaris-x86 1.0-22 302.50 NOTE
r-release-linux-x86_64 1.0-22 17.79 134.50 152.29 NOTE
r-release-macos-arm64 1.0-22 NOTE
r-release-macos-x86_64 1.0-22 NOTE
r-release-windows-ix86+x86_64 1.0-22 29.00 168.00 197.00 NOTE
r-oldrel-macos-x86_64 1.0-22 NOTE
r-oldrel-windows-ix86+x86_64 1.0-22 47.00 174.00 221.00 NOTE

Check Details

Version: 1.0-22
Check: R code for possible problems
Result: NOTE
    enterTableMHTest : onOK: no visible global function definition for
     'na.omit'
    startStop: no visible global function definition for 'na.omit'
    Undefined global functions or variables:
     na.omit
    Consider adding
     importFrom("stats", "na.omit")
    to your NAMESPACE file.
Flavors: r-devel-linux-x86_64-debian-clang, r-devel-linux-x86_64-debian-gcc, r-devel-linux-x86_64-fedora-clang, r-devel-linux-x86_64-fedora-gcc, r-devel-windows-x86_64, r-devel-windows-x86_64-gcc10-UCRT, r-patched-linux-x86_64, r-patched-solaris-x86, r-release-linux-x86_64, r-release-macos-arm64, r-release-macos-x86_64, r-release-windows-ix86+x86_64, r-oldrel-macos-x86_64, r-oldrel-windows-ix86+x86_64