CRAN Package Check Results for Package RcmdrPlugin.plotByGroup

Last updated on 2021-10-27 05:55:19 CEST.

Flavor Version Tinstall Tcheck Ttotal Status Flags
r-devel-linux-x86_64-debian-clang 0.1-0 13.60 116.46 130.06 NOTE
r-devel-linux-x86_64-debian-gcc 0.1-0 11.93 90.04 101.97 NOTE
r-devel-linux-x86_64-fedora-clang 0.1-0 173.34 NOTE
r-devel-linux-x86_64-fedora-gcc 0.1-0 161.87 NOTE
r-devel-windows-x86_64 0.1-0 23.00 110.00 133.00 NOTE
r-devel-windows-x86_64-gcc10-UCRT 0.1-0 NOTE
r-patched-linux-x86_64 0.1-0 20.95 112.37 133.32 NOTE
r-patched-solaris-x86 0.1-0 248.20 NOTE
r-release-linux-x86_64 0.1-0 13.83 113.62 127.45 NOTE
r-release-macos-arm64 0.1-0 NOTE
r-release-macos-x86_64 0.1-0 NOTE
r-release-windows-ix86+x86_64 0.1-0 26.00 149.00 175.00 NOTE
r-oldrel-macos-x86_64 0.1-0 NOTE
r-oldrel-windows-ix86+x86_64 0.1-0 39.00 150.00 189.00 NOTE

Check Details

Version: 0.1-0
Check: DESCRIPTION meta-information
Result: NOTE
    Malformed Description field: should contain one or more complete sentences.
Flavors: r-devel-linux-x86_64-debian-clang, r-devel-linux-x86_64-debian-gcc, r-devel-linux-x86_64-fedora-clang, r-devel-linux-x86_64-fedora-gcc, r-devel-windows-x86_64, r-devel-windows-x86_64-gcc10-UCRT, r-patched-linux-x86_64, r-patched-solaris-x86, r-release-linux-x86_64, r-release-macos-arm64, r-release-macos-x86_64, r-release-windows-ix86+x86_64, r-oldrel-macos-x86_64, r-oldrel-windows-ix86+x86_64

Version: 0.1-0
Check: R code for possible problems
Result: NOTE
    BOXWP: no visible binding for global variable 'top'
    BOXWP: no visible binding for global variable 'buttonsFrame'
    HIST: no visible binding for global variable 'top'
    HIST: no visible binding for global variable 'buttonsFrame'
    QQN: no visible binding for global variable 'top'
    QQN: no visible binding for global variable 'buttonsFrame'
    Undefined global functions or variables:
     buttonsFrame top
Flavors: r-devel-linux-x86_64-debian-clang, r-devel-linux-x86_64-debian-gcc, r-devel-linux-x86_64-fedora-clang, r-devel-linux-x86_64-fedora-gcc, r-devel-windows-x86_64, r-devel-windows-x86_64-gcc10-UCRT, r-patched-linux-x86_64, r-patched-solaris-x86, r-release-linux-x86_64, r-release-macos-arm64, r-release-macos-x86_64, r-release-windows-ix86+x86_64, r-oldrel-macos-x86_64, r-oldrel-windows-ix86+x86_64