CRAN Package Check Results for Package RcmdrPlugin.steepness

Last updated on 2021-10-27 05:55:19 CEST.

Flavor Version Tinstall Tcheck Ttotal Status Flags
r-devel-linux-x86_64-debian-clang 0.3-2 15.40 187.81 203.21 NOTE
r-devel-linux-x86_64-debian-gcc 0.3-2 12.75 141.19 153.94 NOTE
r-devel-linux-x86_64-fedora-clang 0.3-2 262.19 NOTE
r-devel-linux-x86_64-fedora-gcc 0.3-2 239.17 NOTE
r-devel-windows-x86_64 0.3-2 23.00 218.00 241.00 NOTE
r-devel-windows-x86_64-gcc10-UCRT 0.3-2 NOTE
r-patched-linux-x86_64 0.3-2 14.41 118.95 133.36 NOTE
r-patched-solaris-x86 0.3-2 259.50 NOTE
r-release-linux-x86_64 0.3-2 13.97 119.92 133.89 NOTE
r-release-macos-arm64 0.3-2 NOTE
r-release-macos-x86_64 0.3-2 NOTE
r-release-windows-ix86+x86_64 0.3-2 26.00 154.00 180.00 NOTE
r-oldrel-macos-x86_64 0.3-2 NOTE
r-oldrel-windows-ix86+x86_64 0.3-2 41.00 164.00 205.00 NOTE

Check Details

Version: 0.3-2
Check: R code for possible problems
Result: NOTE
    Rcmdr.steeptestDij : onOK: no visible binding for global variable
     'replications'
    Rcmdr.steeptestPij : onOK: no visible binding for global variable
     'replications'
    Undefined global functions or variables:
     replications
    Consider adding
     importFrom("stats", "replications")
    to your NAMESPACE file.
Flavors: r-devel-linux-x86_64-debian-clang, r-devel-linux-x86_64-debian-gcc, r-devel-linux-x86_64-fedora-clang, r-devel-linux-x86_64-fedora-gcc, r-devel-windows-x86_64, r-devel-windows-x86_64-gcc10-UCRT, r-patched-linux-x86_64, r-patched-solaris-x86, r-release-linux-x86_64, r-release-macos-arm64, r-release-macos-x86_64, r-release-windows-ix86+x86_64, r-oldrel-macos-x86_64, r-oldrel-windows-ix86+x86_64