CRAN Package Check Results for Package RcppArmadillo

Last updated on 2020-11-29 05:47:29 CET.

Flavor Version Tinstall Tcheck Ttotal Status Flags
r-devel-linux-x86_64-debian-clang 0.10.1.2.0 63.78 45.12 108.90 OK
r-devel-linux-x86_64-debian-gcc 0.10.1.2.0 54.79 34.64 89.43 OK
r-devel-linux-x86_64-fedora-clang 0.10.1.2.0 132.67 NOTE
r-devel-linux-x86_64-fedora-gcc 0.10.1.2.0 116.72 OK
r-devel-windows-ix86+x86_64 0.10.1.2.0 108.00 363.00 471.00 NOTE
r-patched-linux-x86_64 0.10.1.2.0 84.82 44.11 128.93 OK
r-patched-solaris-x86 0.10.1.2.0 264.20 NOTE
r-release-linux-x86_64 0.10.1.2.0 85.29 44.41 129.70 OK
r-release-macos-x86_64 0.10.1.2.0 NOTE
r-release-windows-ix86+x86_64 0.10.1.2.0 112.00 371.00 483.00 NOTE
r-oldrel-macos-x86_64 0.10.1.2.0 NOTE
r-oldrel-windows-ix86+x86_64 0.10.1.2.0 101.00 419.00 520.00 NOTE

Check Details

Version: 0.10.1.2.0
Check: installed package size
Result: NOTE
     installed size is 9.1Mb
     sub-directories of 1Mb or more:
     include 6.0Mb
     libs 1.9Mb
Flavors: r-devel-linux-x86_64-fedora-clang, r-devel-windows-ix86+x86_64, r-patched-solaris-x86, r-release-macos-x86_64, r-release-windows-ix86+x86_64, r-oldrel-macos-x86_64, r-oldrel-windows-ix86+x86_64