CRAN Package Check Results for Package RcppHMM

Last updated on 2020-06-04 05:49:12 CEST.

Flavor Version Tinstall Tcheck Ttotal Status Flags
r-devel-linux-x86_64-debian-clang 1.2.2 100.58 27.21 127.79 OK
r-devel-linux-x86_64-debian-gcc 1.2.2 74.58 21.50 96.08 OK
r-devel-linux-x86_64-fedora-clang 1.2.2 182.65 NOTE
r-devel-linux-x86_64-fedora-gcc 1.2.2 162.20 OK
r-devel-windows-ix86+x86_64 1.2.2 237.00 73.00 310.00 OK
r-patched-linux-x86_64 1.2.2 81.13 26.87 108.00 OK
r-patched-solaris-x86 1.2.2 157.70 OK
r-release-linux-x86_64 1.2.2 75.50 26.61 102.11 OK
r-release-osx-x86_64 1.2.2 NOTE
r-release-windows-ix86+x86_64 1.2.2 173.00 76.00 249.00 OK
r-oldrel-osx-x86_64 1.2.2 OK
r-oldrel-windows-ix86+x86_64 1.2.2 225.00 73.00 298.00 OK

Check Details

Version: 1.2.2
Check: installed package size
Result: NOTE
     installed size is 5.8Mb
     sub-directories of 1Mb or more:
     libs 5.7Mb
Flavors: r-devel-linux-x86_64-fedora-clang, r-release-osx-x86_64