CRAN Package Check Results for Package RcppXPtrUtils

Last updated on 2022-01-19 05:48:36 CET.

Flavor Version Tinstall Tcheck Ttotal Status Flags
r-devel-linux-x86_64-debian-clang 0.1.1 1.72 50.99 52.71 OK
r-devel-linux-x86_64-debian-gcc 0.1.1 1.69 37.73 39.42 OK
r-devel-linux-x86_64-fedora-clang 0.1.1 67.70 NOTE
r-devel-linux-x86_64-fedora-gcc 0.1.1 51.55 OK
r-devel-windows-x86_64-new-UL 0.1.1 35.00 76.00 111.00 OK
r-devel-windows-x86_64-new-TK 0.1.1 OK
r-patched-linux-x86_64 0.1.1 2.48 46.22 48.70 OK
r-release-linux-x86_64 0.1.1 OK
r-release-macos-arm64 0.1.1 OK
r-release-macos-x86_64 0.1.1 OK
r-release-windows-ix86+x86_64 0.1.1 5.00 62.00 67.00 OK
r-oldrel-macos-x86_64 0.1.1 OK
r-oldrel-windows-ix86+x86_64 0.1.1 4.00 71.00 75.00 OK

Check Details

Version: 0.1.1
Check: Rd cross-references
Result: NOTE
    Undeclared package ‘inline’ in Rd xrefs
Flavor: r-devel-linux-x86_64-fedora-clang