CRAN Package Check Results for Package Rcrawler

Last updated on 2021-06-21 05:49:51 CEST.

Flavor Version Tinstall Tcheck Ttotal Status Flags
r-devel-linux-x86_64-debian-clang 0.1.9-1 5.83 44.05 49.88 NOTE
r-devel-linux-x86_64-debian-gcc 0.1.9-1 4.48 33.04 37.52 NOTE
r-devel-linux-x86_64-fedora-clang 0.1.9-1 67.06 NOTE
r-devel-linux-x86_64-fedora-gcc 0.1.9-1 57.90 NOTE
r-devel-windows-x86_64 0.1.9-1 9.00 55.00 64.00 NOTE
r-devel-windows-x86_64-gcc10-UCRT 0.1.9-1 ERROR
r-patched-linux-x86_64 0.1.9-1 6.14 41.00 47.14 NOTE
r-patched-solaris-x86 0.1.9-1 91.40 NOTE
r-release-linux-x86_64 0.1.9-1 5.60 41.07 46.67 NOTE
r-release-macos-arm64 0.1.9-1 NOTE
r-release-macos-x86_64 0.1.9-1 NOTE
r-release-windows-ix86+x86_64 0.1.9-1 12.00 62.00 74.00 NOTE
r-oldrel-macos-x86_64 0.1.9-1 OK
r-oldrel-windows-ix86+x86_64 0.1.9-1 10.00 0.00 10.00 OK

Check Details

Version: 0.1.9-1
Check: LazyData
Result: NOTE
     'LazyData' is specified without a 'data' directory
Flavors: r-devel-linux-x86_64-debian-clang, r-devel-linux-x86_64-debian-gcc, r-devel-linux-x86_64-fedora-clang, r-devel-linux-x86_64-fedora-gcc, r-devel-windows-x86_64, r-patched-linux-x86_64, r-patched-solaris-x86, r-release-linux-x86_64, r-release-macos-arm64, r-release-macos-x86_64, r-release-windows-ix86+x86_64

Version: 0.1.9-1
Check: package dependencies
Result: ERROR
    Packages required but not available: 'httr', 'webdriver'
    
    See section 'The DESCRIPTION file' in the 'Writing R Extensions'
    manual.
Flavor: r-devel-windows-x86_64-gcc10-UCRT