Last updated on 2021-01-18 05:47:36 CET.
Flavor | Version | Tinstall | Tcheck | Ttotal | Status | Flags |
---|---|---|---|---|---|---|
r-devel-linux-x86_64-debian-clang | 1.0.4 | 263.58 | 236.17 | 499.75 | OK | |
r-devel-linux-x86_64-debian-gcc | 1.0.4 | 175.37 | 176.99 | 352.36 | OK | |
r-devel-linux-x86_64-fedora-clang | 1.0.4 | 648.72 | NOTE | |||
r-devel-linux-x86_64-fedora-gcc | 1.0.4 | 644.50 | OK | |||
r-devel-windows-ix86+x86_64 | 1.0.4 | 392.00 | 328.00 | 720.00 | NOTE | |
r-patched-linux-x86_64 | 1.0.4 | 210.27 | 218.26 | 428.53 | OK | |
r-patched-solaris-x86 | 1.0.4 | 612.70 | OK | |||
r-release-linux-x86_64 | 1.0.4 | 218.31 | 219.55 | 437.86 | OK | |
r-release-macos-x86_64 | 1.0.4 | NOTE | ||||
r-release-windows-ix86+x86_64 | 1.0.4 | 430.00 | 356.00 | 786.00 | NOTE | |
r-oldrel-macos-x86_64 | 1.0.4 | WARN | ||||
r-oldrel-windows-ix86+x86_64 | 1.0.4 | 485.00 | 326.00 | 811.00 | NOTE |
Version: 1.0.4
Check: installed package size
Result: NOTE
installed size is 22.5Mb
sub-directories of 1Mb or more:
libs 20.7Mb
Flavors: r-devel-linux-x86_64-fedora-clang, r-devel-windows-ix86+x86_64, r-release-macos-x86_64, r-release-windows-ix86+x86_64, r-oldrel-macos-x86_64, r-oldrel-windows-ix86+x86_64
Version: 1.0.4
Check: Rd cross-references
Result: NOTE
Undeclared package ‘Rtsne’ in Rd xrefs
Flavor: r-devel-linux-x86_64-fedora-clang
Version: 1.0.4
Check: whether package can be installed
Result: WARN
Found the following significant warnings:
Warning: 'rgl.init' failed, running with 'rgl.useNULL = TRUE'.
Flavor: r-oldrel-macos-x86_64
Version: 1.0.4
Check: Rd files
Result: WARN
prepare_Rd: RGL: unable to open X11 display
prepare_Rd: 'rgl.init' failed, running with 'rgl.useNULL = TRUE'.
Flavor: r-oldrel-macos-x86_64