CRAN Package Check Results for Package RefManageR

Last updated on 2021-12-09 05:59:47 CET.

Flavor Version Tinstall Tcheck Ttotal Status Flags
r-devel-linux-x86_64-debian-clang 1.3.0 11.17 143.13 154.30 NOTE
r-devel-linux-x86_64-debian-gcc 1.3.0 7.71 108.42 116.13 NOTE
r-devel-linux-x86_64-fedora-clang 1.3.0 186.84 NOTE
r-devel-linux-x86_64-fedora-gcc 1.3.0 175.33 OK
r-devel-windows-x86_64-new-UL 1.3.0 23.00 213.00 236.00 OK
r-devel-windows-x86_64-new-TK 1.3.0 OK
r-devel-windows-x86_64-old 1.3.0 19.00 188.00 207.00 OK
r-patched-linux-x86_64 1.3.0 11.08 142.45 153.53 NOTE
r-release-linux-x86_64 1.3.0 10.60 141.46 152.06 NOTE
r-release-macos-arm64 1.3.0 OK
r-release-macos-x86_64 1.3.0 OK
r-release-windows-ix86+x86_64 1.3.0 16.00 158.00 174.00 OK
r-oldrel-macos-x86_64 1.3.0 OK
r-oldrel-windows-ix86+x86_64 1.3.0 21.00 176.00 197.00 OK

Check Details

Version: 1.3.0
Check: package dependencies
Result: NOTE
    Suggests orphaned package: 'bibtex'
Flavors: r-devel-linux-x86_64-debian-clang, r-devel-linux-x86_64-debian-gcc, r-devel-linux-x86_64-fedora-clang, r-patched-linux-x86_64, r-release-linux-x86_64