CRAN Package Check Results for Package RegKink

Last updated on 2022-01-19 05:48:36 CET.

Flavor Version Tinstall Tcheck Ttotal Status Flags
r-devel-linux-x86_64-debian-clang 0.1.0 1.54 29.49 31.03 OK
r-devel-linux-x86_64-debian-gcc 0.1.0 1.55 23.23 24.78 OK
r-devel-linux-x86_64-fedora-clang 0.1.0 38.90 NOTE
r-devel-linux-x86_64-fedora-gcc 0.1.0 27.79 NOTE
r-devel-windows-x86_64-new-UL 0.1.0 13.00 48.00 61.00 OK
r-devel-windows-x86_64-new-TK 0.1.0 NOTE
r-patched-linux-x86_64 0.1.0 1.25 27.99 29.24 OK
r-release-linux-x86_64 0.1.0 OK
r-release-macos-arm64 0.1.0 NOTE
r-release-macos-x86_64 0.1.0 NOTE
r-release-windows-ix86+x86_64 0.1.0 5.00 37.00 42.00 OK
r-oldrel-macos-x86_64 0.1.0 NOTE
r-oldrel-windows-ix86+x86_64 0.1.0 5.00 41.00 46.00 OK

Check Details

Version: 0.1.0
Check: dependencies in R code
Result: NOTE
    Namespace in Imports field not imported from: ‘MASS’
     All declared Imports should be used.
Flavors: r-devel-linux-x86_64-fedora-clang, r-devel-linux-x86_64-fedora-gcc, r-devel-windows-x86_64-new-TK, r-release-macos-arm64, r-release-macos-x86_64, r-oldrel-macos-x86_64