CRAN Package Check Results for Package RespirAnalyzer

Last updated on 2021-09-21 05:51:30 CEST.

Flavor Version Tinstall Tcheck Ttotal Status Flags
r-devel-linux-x86_64-debian-clang 1.0.1 28.60 47.80 76.40 OK
r-devel-linux-x86_64-debian-gcc 1.0.1 19.28 35.58 54.86 OK
r-devel-linux-x86_64-fedora-clang 1.0.1 112.14 OK
r-devel-linux-x86_64-fedora-gcc 1.0.1 92.79 OK
r-devel-windows-x86_64 1.0.1 29.00 60.00 89.00 OK
r-devel-windows-x86_64-gcc10-UCRT 1.0.1 ERROR
r-patched-linux-x86_64 1.0.1 23.05 45.71 68.76 OK
r-patched-solaris-x86 1.0.1 112.30 OK
r-release-linux-x86_64 1.0.1 22.56 45.80 68.36 OK
r-release-macos-arm64 1.0.1 OK
r-release-macos-x86_64 1.0.1 OK
r-release-windows-ix86+x86_64 1.0.1 71.00 106.00 177.00 OK
r-oldrel-macos-x86_64 1.0.1 OK
r-oldrel-windows-ix86+x86_64 1.0.1 67.00 89.00 156.00 OK

Check Details

Version: 1.0.1
Check: whether package can be installed
Result: ERROR
    Installation failed.
Flavor: r-devel-windows-x86_64-gcc10-UCRT