CRAN Package Check Results for Package RevGadgets

Last updated on 2021-12-01 05:59:36 CET.

Flavor Version Tinstall Tcheck Ttotal Status Flags
r-devel-linux-x86_64-debian-clang 1.0.0 11.54 148.07 159.61 OK
r-devel-linux-x86_64-debian-gcc 1.0.0 10.79 116.18 126.97 OK
r-devel-linux-x86_64-fedora-clang 1.0.0 207.51 NOTE
r-devel-linux-x86_64-fedora-gcc 1.0.0 188.28 OK
r-devel-windows-x86_64-new-UL 1.0.0 27.00 193.00 220.00 OK
r-devel-windows-x86_64-new-TK 1.0.0 OK
r-devel-windows-x86_64-old 1.0.0 21.00 141.00 162.00 OK
r-patched-linux-x86_64 1.0.0 11.25 135.57 146.82 OK
r-patched-solaris-x86 1.0.0 233.80 OK
r-release-linux-x86_64 1.0.0 10.81 136.78 147.59 OK
r-release-macos-arm64 1.0.0 OK
r-release-macos-x86_64 1.0.0 OK
r-release-windows-ix86+x86_64 1.0.0 25.00 178.00 203.00 OK
r-oldrel-macos-x86_64 1.0.0 ERROR
r-oldrel-windows-ix86+x86_64 1.0.0 15.00 6.00 21.00 ERROR

Check Details

Version: 1.0.0
Check: Rd cross-references
Result: NOTE
    Undeclared package ‘phangorn’ in Rd xrefs
Flavor: r-devel-linux-x86_64-fedora-clang

Version: 1.0.0
Check: package dependencies
Result: ERROR
    Packages required but not available: 'ggtree', 'treeio', 'deeptime'
    
    See section ‘The DESCRIPTION file’ in the ‘Writing R Extensions’
    manual.
Flavor: r-oldrel-macos-x86_64

Version: 1.0.0
Check: package dependencies
Result: ERROR
    Package required and available but unsuitable version: 'ggtree'
    
    See section 'The DESCRIPTION file' in the 'Writing R Extensions'
    manual.
Flavor: r-oldrel-windows-ix86+x86_64