CRAN Package Check Results for Package Rfast

Last updated on 2021-01-15 05:49:02 CET.

Flavor Version Tinstall Tcheck Ttotal Status Flags
r-devel-linux-x86_64-debian-clang 2.0.1 1337.61 113.75 1451.36 OK
r-devel-linux-x86_64-debian-gcc 2.0.1 885.75 84.98 970.73 OK
r-devel-linux-x86_64-fedora-clang 2.0.1 2131.51 NOTE
r-devel-linux-x86_64-fedora-gcc 2.0.1 1886.43 OK
r-devel-windows-ix86+x86_64 2.0.1 3022.00 226.00 3248.00 NOTE
r-patched-linux-x86_64 2.0.1 1073.39 105.08 1178.47 OK
r-patched-solaris-x86 2.0.1 1474.30 NOTE
r-release-linux-x86_64 2.0.1 1069.88 104.78 1174.66 OK
r-release-macos-x86_64 2.0.1 NOTE
r-release-windows-ix86+x86_64 2.0.1 2431.00 190.00 2621.00 NOTE
r-oldrel-macos-x86_64 2.0.1 NOTE
r-oldrel-windows-ix86+x86_64 2.0.1 1968.00 168.00 2136.00 NOTE

Check Details

Version: 2.0.1
Check: installed package size
Result: NOTE
     installed size is 63.0Mb
     sub-directories of 1Mb or more:
     libs 61.7Mb
Flavors: r-devel-linux-x86_64-fedora-clang, r-devel-windows-ix86+x86_64, r-patched-solaris-x86, r-release-macos-x86_64, r-release-windows-ix86+x86_64, r-oldrel-macos-x86_64, r-oldrel-windows-ix86+x86_64