Last updated on 2021-01-19 05:48:14 CET.
Flavor | Version | Tinstall | Tcheck | Ttotal | Status | Flags |
---|---|---|---|---|---|---|
r-devel-linux-x86_64-debian-clang | 0.0.8 | 471.16 | 63.23 | 534.39 | OK | |
r-devel-linux-x86_64-debian-gcc | 0.0.8 | 300.55 | 49.71 | 350.26 | OK | |
r-devel-linux-x86_64-fedora-clang | 0.0.8 | 744.61 | NOTE | |||
r-devel-linux-x86_64-fedora-gcc | 0.0.8 | 655.04 | OK | |||
r-devel-windows-ix86+x86_64 | 0.0.8 | 714.00 | 99.00 | 813.00 | NOTE | |
r-patched-linux-x86_64 | 0.0.8 | 359.28 | 58.94 | 418.22 | OK | |
r-patched-solaris-x86 | 0.0.8 | 514.60 | OK | |||
r-release-linux-x86_64 | 0.0.8 | 363.36 | 58.83 | 422.19 | OK | |
r-release-macos-x86_64 | 0.0.8 | NOTE | ||||
r-release-windows-ix86+x86_64 | 0.0.8 | 821.00 | 103.00 | 924.00 | NOTE | |
r-oldrel-macos-x86_64 | 0.0.8 | NOTE | ||||
r-oldrel-windows-ix86+x86_64 | 0.0.8 | 675.00 | 89.00 | 764.00 | OK |
Version: 0.0.8
Check: installed package size
Result: NOTE
installed size is 25.4Mb
sub-directories of 1Mb or more:
libs 24.9Mb
Flavors: r-devel-linux-x86_64-fedora-clang, r-devel-windows-ix86+x86_64, r-release-macos-x86_64, r-release-windows-ix86+x86_64, r-oldrel-macos-x86_64