CRAN Package Check Results for Package Rfast2

Last updated on 2022-01-29 05:52:26 CET.

Flavor Version Tinstall Tcheck Ttotal Status Flags
r-devel-linux-x86_64-debian-clang 0.1.1 492.44 75.95 568.39 OK
r-devel-linux-x86_64-debian-gcc 0.1.1 356.62 57.86 414.48 OK
r-devel-linux-x86_64-fedora-clang 0.1.1 898.29 NOTE
r-devel-linux-x86_64-fedora-gcc 0.1.1 773.53 OK
r-devel-windows-x86_64-new-UL 0.1.1 412.00 141.00 553.00 OK
r-devel-windows-x86_64-new-TK 0.1.1 OK
r-patched-linux-x86_64 0.1.1 423.82 73.30 497.12 OK
r-release-linux-x86_64 0.1.1 426.73 72.80 499.53 OK
r-release-macos-arm64 0.1.1 NOTE
r-release-macos-x86_64 0.1.1 NOTE
r-release-windows-ix86+x86_64 0.1.1 1148.00 132.00 1280.00 NOTE
r-oldrel-macos-x86_64 0.1.1 NOTE
r-oldrel-windows-ix86+x86_64 0.1.1 1147.00 131.00 1278.00 NOTE

Check Details

Version: 0.1.1
Check: installed package size
Result: NOTE
     installed size is 23.7Mb
     sub-directories of 1Mb or more:
     libs 23.1Mb
Flavors: r-devel-linux-x86_64-fedora-clang, r-release-macos-arm64, r-release-macos-x86_64, r-release-windows-ix86+x86_64, r-oldrel-macos-x86_64, r-oldrel-windows-ix86+x86_64