CRAN Package Check Results for Package Rfast2

Last updated on 2019-10-23 05:46:39 CEST.

Flavor Version Tinstall Tcheck Ttotal Status Flags
r-devel-linux-x86_64-debian-clang 0.0.4 342.89 36.79 379.68 OK
r-devel-linux-x86_64-debian-gcc 0.0.4 246.50 29.62 276.12 OK
r-devel-linux-x86_64-fedora-clang 0.0.4 555.43 NOTE
r-devel-linux-x86_64-fedora-gcc 0.0.4 494.32 OK
r-devel-windows-ix86+x86_64 0.0.4 552.00 82.00 634.00 OK
r-patched-linux-x86_64 0.0.4 252.00 37.10 289.10 OK
r-patched-solaris-x86 0.0.4 373.70 OK
r-release-linux-x86_64 0.0.4 256.54 36.74 293.28 OK
r-release-windows-ix86+x86_64 0.0.4 736.00 110.00 846.00 OK
r-release-osx-x86_64 0.0.4 NOTE
r-oldrel-windows-ix86+x86_64 0.0.4 704.00 120.00 824.00 OK
r-oldrel-osx-x86_64 0.0.4 NOTE

Check Details

Version: 0.0.4
Check: installed package size
Result: NOTE
     installed size is 20.1Mb
     sub-directories of 1Mb or more:
     libs 19.7Mb
Flavors: r-devel-linux-x86_64-fedora-clang, r-release-osx-x86_64, r-oldrel-osx-x86_64