CRAN Package Check Results for Package Rfolding

Last updated on 2021-10-17 05:49:22 CEST.

Flavor Version Tinstall Tcheck Ttotal Status Flags
r-devel-linux-x86_64-debian-clang 1.0 1.94 23.06 25.00 NOTE
r-devel-linux-x86_64-debian-gcc 1.0 1.54 18.58 20.12 NOTE
r-devel-linux-x86_64-fedora-clang 1.0 41.90 NOTE
r-devel-linux-x86_64-fedora-gcc 1.0 30.91 NOTE
r-devel-windows-x86_64 1.0 4.00 41.00 45.00 NOTE
r-devel-windows-x86_64-gcc10-UCRT 1.0 NOTE
r-patched-linux-x86_64 1.0 2.00 22.21 24.21 NOTE
r-patched-solaris-x86 1.0 48.30 NOTE
r-release-linux-x86_64 1.0 1.76 22.52 24.28 NOTE
r-release-macos-arm64 1.0 NOTE
r-release-macos-x86_64 1.0 NOTE
r-release-windows-ix86+x86_64 1.0 5.00 41.00 46.00 NOTE
r-oldrel-macos-x86_64 1.0 OK
r-oldrel-windows-ix86+x86_64 1.0 5.00 40.00 45.00 OK

Check Details

Version: 1.0
Check: LazyData
Result: NOTE
     'LazyData' is specified without a 'data' directory
Flavors: r-devel-linux-x86_64-debian-clang, r-devel-linux-x86_64-debian-gcc, r-devel-linux-x86_64-fedora-clang, r-devel-linux-x86_64-fedora-gcc, r-devel-windows-x86_64, r-devel-windows-x86_64-gcc10-UCRT, r-patched-linux-x86_64, r-patched-solaris-x86, r-release-linux-x86_64, r-release-macos-arm64, r-release-macos-x86_64, r-release-windows-ix86+x86_64