CRAN Package Check Results for Package Rfssa

Last updated on 2022-09-24 05:51:13 CEST.

Flavor Version Tinstall Tcheck Ttotal Status Flags
r-devel-linux-x86_64-debian-clang 2.1.0 118.09 174.08 292.17 OK
r-devel-linux-x86_64-debian-gcc 2.1.0 92.43 127.41 219.84 OK
r-devel-linux-x86_64-fedora-clang 2.1.0 400.17 NOTE
r-devel-linux-x86_64-fedora-gcc 2.1.0 386.65 NOTE
r-devel-windows-x86_64 2.1.0 105.00 209.00 314.00 OK
r-patched-linux-x86_64 2.1.0 89.43 162.91 252.34 OK
r-release-linux-x86_64 2.1.0 90.06 162.55 252.61 OK
r-release-macos-arm64 2.1.0 89.00 NOTE
r-release-macos-x86_64 2.1.0 118.00 NOTE
r-release-windows-x86_64 2.1.0 104.00 209.00 313.00 OK
r-oldrel-macos-arm64 2.1.0 90.00 NOTE
r-oldrel-macos-x86_64 2.1.0 120.00 NOTE
r-oldrel-windows-ix86+x86_64 2.1.0 287.00 251.00 538.00 OK

Check Details

Version: 2.1.0
Check: dependencies in R code
Result: NOTE
    Namespace in Imports field not imported from: ‘markdown’
     All declared Imports should be used.
Flavors: r-devel-linux-x86_64-fedora-clang, r-devel-linux-x86_64-fedora-gcc, r-release-macos-arm64, r-release-macos-x86_64, r-oldrel-macos-arm64, r-oldrel-macos-x86_64

Version: 2.1.0
Check: installed package size
Result: NOTE
     installed size is 6.7Mb
     sub-directories of 1Mb or more:
     libs 6.0Mb
Flavors: r-release-macos-arm64, r-release-macos-x86_64, r-oldrel-macos-arm64, r-oldrel-macos-x86_64