CRAN Package Check Results for Package RiemBase

Last updated on 2019-10-23 05:46:39 CEST.

Flavor Version Tinstall Tcheck Ttotal Status Flags
r-devel-linux-x86_64-debian-clang 0.2.3 48.56 27.29 75.85 OK
r-devel-linux-x86_64-debian-gcc 0.2.3 34.63 22.03 56.66 OK
r-devel-linux-x86_64-fedora-clang 0.2.3 100.10 OK
r-devel-linux-x86_64-fedora-gcc 0.2.3 93.81 OK
r-devel-windows-ix86+x86_64 0.2.3 74.00 65.00 139.00 OK
r-patched-linux-x86_64 0.2.3 33.56 27.08 60.64 OK
r-patched-solaris-x86 0.2.3 93.10 OK
r-release-linux-x86_64 0.2.3 38.11 27.05 65.16 OK
r-release-windows-ix86+x86_64 0.2.3 114.00 64.00 178.00 OK
r-release-osx-x86_64 0.2.3 NOTE
r-oldrel-windows-ix86+x86_64 0.2.3 102.00 96.00 198.00 OK
r-oldrel-osx-x86_64 0.2.3 OK

Check Details

Version: 0.2.3
Check: installed package size
Result: NOTE
     installed size is 5.1Mb
     sub-directories of 1Mb or more:
     libs 4.9Mb
Flavor: r-release-osx-x86_64