Last updated on 2021-01-19 05:48:14 CET.
Flavor | Version | Tinstall | Tcheck | Ttotal | Status | Flags |
---|---|---|---|---|---|---|
r-devel-linux-x86_64-debian-clang | 0.1.0 | 173.20 | 97.31 | 270.51 | OK | |
r-devel-linux-x86_64-debian-gcc | 0.1.0 | 127.03 | 75.86 | 202.89 | OK | |
r-devel-linux-x86_64-fedora-clang | 0.1.0 | 392.41 | NOTE | |||
r-devel-linux-x86_64-fedora-gcc | 0.1.0 | 355.74 | OK | |||
r-devel-windows-ix86+x86_64 | 0.1.0 | 303.00 | 156.00 | 459.00 | OK | |
r-patched-linux-x86_64 | 0.1.0 | 148.71 | 91.61 | 240.32 | OK | |
r-patched-solaris-x86 | 0.1.0 | 362.20 | OK | |||
r-release-linux-x86_64 | 0.1.0 | 144.40 | 91.03 | 235.43 | OK | |
r-release-macos-x86_64 | 0.1.0 | NOTE | ||||
r-release-windows-ix86+x86_64 | 0.1.0 | 335.00 | 156.00 | 491.00 | OK | |
r-oldrel-macos-x86_64 | 0.1.0 | WARN | ||||
r-oldrel-windows-ix86+x86_64 | 0.1.0 | 266.00 | 127.00 | 393.00 | OK |
Version: 0.1.0
Check: installed package size
Result: NOTE
installed size is 11.8Mb
sub-directories of 1Mb or more:
libs 11.4Mb
Flavors: r-devel-linux-x86_64-fedora-clang, r-release-macos-x86_64, r-oldrel-macos-x86_64
Version: 0.1.0
Check: Rd cross-references
Result: NOTE
Undeclared packages ‘fastcluster’, ‘nabor’, ‘Rtsne’ in Rd xrefs
Flavor: r-devel-linux-x86_64-fedora-clang
Version: 0.1.0
Check: whether package can be installed
Result: WARN
Found the following significant warnings:
Warning: 'rgl.init' failed, running with 'rgl.useNULL = TRUE'.
Flavor: r-oldrel-macos-x86_64
Version: 0.1.0
Check: Rd files
Result: WARN
prepare_Rd: RGL: unable to open X11 display
prepare_Rd: 'rgl.init' failed, running with 'rgl.useNULL = TRUE'.
Flavor: r-oldrel-macos-x86_64