CRAN Package Check Results for Package Rilostat

Last updated on 2019-06-26 06:47:40 CEST.

Flavor Version Tinstall Tcheck Ttotal Status Flags
r-devel-linux-x86_64-debian-clang 1.0.0 6.50 50.88 57.38 WARN
r-devel-linux-x86_64-debian-gcc 1.0.0 5.10 40.15 45.25 WARN
r-devel-linux-x86_64-fedora-clang 1.0.0 104.11 OK
r-devel-linux-x86_64-fedora-gcc 1.0.0 102.81 OK
r-devel-windows-ix86+x86_64 1.0.0 18.00 149.00 167.00 OK
r-patched-linux-x86_64 1.0.0 5.48 48.96 54.44 WARN
r-patched-solaris-x86 1.0.0 178.80 OK
r-release-linux-x86_64 1.0.0 5.96 49.04 55.00 WARN
r-release-windows-ix86+x86_64 1.0.0 12.00 122.00 134.00 OK
r-release-osx-x86_64 1.0.0 OK
r-oldrel-windows-ix86+x86_64 1.0.0 8.00 82.00 90.00 WARN
r-oldrel-osx-x86_64 1.0.0 OK

Check Details

Version: 1.0.0
Check: re-building of vignette outputs
Result: WARN
    Error(s) in re-building vignettes:
     ...
    --- re-building 'Rilostat.Rmd' using rmarkdown
    Loading required package: devtools
    Loading required package: plotly
    Loading required package: ggplot2
    
    Attaching package: 'plotly'
    
    The following object is masked from 'package:ggplot2':
    
     last_plot
    
    The following object is masked from 'package:stats':
    
     filter
    
    The following object is masked from 'package:graphics':
    
     layout
    
    Loading required package: dplyr
    
    Attaching package: 'dplyr'
    
    The following objects are masked from 'package:stats':
    
     filter, lag
    
    The following objects are masked from 'package:base':
    
     intersect, setdiff, setequal, union
    
    Loading required package: plotrix
    Loading required package: stringr
    Loading required package: Rilostat
    Quitting from lines 215-216 (Rilostat.Rmd)
    Error: processing vignette 'Rilostat.Rmd' failed with diagnostics:
    Positive column indexes in `[` must match number of columns:
    * `.data` has 7 columns
    * Position 7 equals 8
    Backtrace:
     x
     1. +-tools:::buildVignettes(...)
     2. | +-base::tryCatch(...)
     3. | | \-base:::tryCatchList(expr, classes, parentenv, handlers)
     4. | | \-base:::tryCatchOne(expr, names, parentenv, handlers[[1L]])
     5. | | \-base:::doTryCatch(return(expr), name, parentenv, handler)
     6. | \-engine$weave(file, quiet = quiet, encoding = enc)
     7. | \-knitr:::vweave_rmarkdown(...)
     8. | \-rmarkdown::render(...)
     9. | \-knitr::knit(...)
     10. | \-knitr:::process_file(text, output)
     11. | +-base::withCallingHandlers(...)
     12. | +-knitr:::process_group(group)
     13. | \-knitr:::process_group.block(group)
     14. | \-knitr:::call_block(x)
     15. | \-knitr:::block_exec(params)
     16. | +-knitr:::in_dir(...)
     17. | \-knitr:::evaluate(...)
     18. | \-evaluate::evaluate(...)
     19. | \-evaluate:::evaluate_call(...)
     20. | +-evaluate:::timing_fn(...)
     21. | +-base:::handle(...)
     22. | +-base::withCallingHandlers(...)
     23. | +-base::withVisible(eval(expr, envir, enclos))
     24. | \-base::eval(expr, envir, enclos)
     25. | \-base::eval(expr, envir, enclos)
     26. +-knitr::kable(head(dat[1:3, 2:8]), caption = "Table 2a. Extract, 'Annual unemployment by sex and age, ILO modelled estimates, Nov. 2018'")
     27. +-utils::head(dat[1:3, 2:8])
     28. +-dat[1:3, 2:8]
     29. +-readr:::`[.spec_tbl_df`(dat, 1:3, 2:8)
     30. +-base::NextMethod(`[`)
     31. \-tibble:::`[.tbl_df`(dat, 1:3, 2:8)
     32. \-tibble:::check_names_df(j, x)
     33. \-tibble:::check_names_df_numeric(j, x)
    --- failed re-building 'Rilostat.Rmd'
    
    SUMMARY: processing the following file failed:
     'Rilostat.Rmd'
    
    Error: Vignette re-building failed.
    Execution halted
Flavor: r-devel-linux-x86_64-debian-clang

Version: 1.0.0
Check: re-building of vignette outputs
Result: WARN
    Error(s) in re-building vignettes:
     ...
    --- re-building ‘Rilostat.Rmd’ using rmarkdown
    Loading required package: devtools
    Loading required package: plotly
    Loading required package: ggplot2
    
    Attaching package: 'plotly'
    
    The following object is masked from 'package:ggplot2':
    
     last_plot
    
    The following object is masked from 'package:stats':
    
     filter
    
    The following object is masked from 'package:graphics':
    
     layout
    
    Loading required package: dplyr
    
    Attaching package: 'dplyr'
    
    The following objects are masked from 'package:stats':
    
     filter, lag
    
    The following objects are masked from 'package:base':
    
     intersect, setdiff, setequal, union
    
    Loading required package: plotrix
    Loading required package: stringr
    Loading required package: Rilostat
    Quitting from lines 215-216 (Rilostat.Rmd)
    Error: processing vignette 'Rilostat.Rmd' failed with diagnostics:
    Positive column indexes in `[` must match number of columns:
    * `.data` has 7 columns
    * Position 7 equals 8
    Backtrace:
     █
     1. ├─tools:::buildVignettes(...)
     2. │ ├─base::tryCatch(...)
     3. │ │ └─base:::tryCatchList(expr, classes, parentenv, handlers)
     4. │ │ └─base:::tryCatchOne(expr, names, parentenv, handlers[[1L]])
     5. │ │ └─base:::doTryCatch(return(expr), name, parentenv, handler)
     6. │ └─engine$weave(file, quiet = quiet, encoding = enc)
     7. │ └─knitr:::vweave_rmarkdown(...)
     8. │ └─rmarkdown::render(...)
     9. │ └─knitr::knit(...)
     10. │ └─knitr:::process_file(text, output)
     11. │ ├─base::withCallingHandlers(...)
     12. │ ├─knitr:::process_group(group)
     13. │ └─knitr:::process_group.block(group)
     14. │ └─knitr:::call_block(x)
     15. │ └─knitr:::block_exec(params)
     16. │ ├─knitr:::in_dir(...)
     17. │ └─knitr:::evaluate(...)
     18. │ └─evaluate::evaluate(...)
     19. │ └─evaluate:::evaluate_call(...)
     20. │ ├─evaluate:::timing_fn(...)
     21. │ ├─base:::handle(...)
     22. │ ├─base::withCallingHandlers(...)
     23. │ ├─base::withVisible(eval(expr, envir, enclos))
     24. │ └─base::eval(expr, envir, enclos)
     25. │ └─base::eval(expr, envir, enclos)
     26. ├─knitr::kable(head(dat[1:3, 2:8]), caption = "Table 2a. Extract, 'Annual unemployment by sex and age, ILO modelled estimates, Nov. 2018'")
     27. ├─utils::head(dat[1:3, 2:8])
     28. ├─dat[1:3, 2:8]
     29. ├─readr:::`[.spec_tbl_df`(dat, 1:3, 2:8)
     30. ├─base::NextMethod(`[`)
     31. └─tibble:::`[.tbl_df`(dat, 1:3, 2:8)
     32. └─tibble:::check_names_df(j, x)
     33. └─tibble:::check_names_df_numeric(j, x)
    --- failed re-building ‘Rilostat.Rmd’
    
    SUMMARY: processing the following file failed:
     ‘Rilostat.Rmd’
    
    Error: Vignette re-building failed.
    Execution halted
Flavors: r-devel-linux-x86_64-debian-gcc, r-patched-linux-x86_64, r-release-linux-x86_64

Version: 1.0.0
Check: re-building of vignette outputs
Result: WARN
    Error in re-building vignettes:
     ...
    Loading required package: devtools
    Loading required package: plotly
    Loading required package: ggplot2
    
    Attaching package: 'plotly'
    
    The following object is masked from 'package:ggplot2':
    
     last_plot
    
    The following object is masked from 'package:stats':
    
     filter
    
    The following object is masked from 'package:graphics':
    
     layout
    
    Loading required package: dplyr
    
    Attaching package: 'dplyr'
    
    The following objects are masked from 'package:stats':
    
     filter, lag
    
    The following objects are masked from 'package:base':
    
     intersect, setdiff, setequal, union
    
    Loading required package: plotrix
    Loading required package: stringr
    Loading required package: Rilostat
    Quitting from lines 215-216 (Rilostat.Rmd)
    Error: processing vignette 'Rilostat.Rmd' failed with diagnostics:
    Positive column indexes in `[` must match number of columns:
    * `.data` has 7 columns
    * Position 7 equals 8
    Backtrace:
     x
     1. +-tools::buildVignettes(dir = "d:/Rcompile/CRANpkg/local/3.5/Rilostat.Rcheck/vign_test/Rilostat")
     2. | +-base::tryCatch(...)
     3. | | \-base:::tryCatchList(expr, classes, parentenv, handlers)
     4. | | \-base:::tryCatchOne(expr, names, parentenv, handlers[[1L]])
     5. | | \-base:::doTryCatch(return(expr), name, parentenv, handler)
     6. | \-engine$weave(file, quiet = quiet, encoding = enc)
     7. | \-knitr:::vweave_rmarkdown(...)
     8. | \-rmarkdown::render(...)
     9. | \-knitr::knit(...)
     10. | \-knitr:::process_file(text, output)
     11. | +-base::withCallingHandlers(...)
     12. | +-knitr:::process_group(group)
     13. | \-knitr:::process_group.block(group)
     14. | \-knitr:::call_block(x)
     15. | \-knitr:::block_exec(params
    Execution halted
Flavor: r-oldrel-windows-ix86+x86_64