CRAN Package Check Results for Package Rita

Last updated on 2022-08-12 05:52:57 CEST.

Flavor Version Tinstall Tcheck Ttotal Status Flags
r-devel-linux-x86_64-debian-clang 1.2.0 2.90 37.59 40.49 OK
r-devel-linux-x86_64-debian-gcc 1.2.0 2.80 28.35 31.15 OK
r-devel-linux-x86_64-fedora-clang 1.2.0 59.57 NOTE
r-devel-linux-x86_64-fedora-gcc 1.2.0 58.95 NOTE
r-devel-windows-x86_64 1.2.0 10.00 63.00 73.00 OK
r-patched-linux-x86_64 1.2.0 3.57 35.49 39.06 OK
r-release-linux-x86_64 1.2.0 2.82 35.97 38.79 OK
r-release-macos-arm64 1.2.0 16.00 NOTE
r-release-macos-x86_64 1.2.0 26.00 NOTE
r-release-windows-x86_64 1.2.0 6.00 59.00 65.00 OK
r-oldrel-macos-arm64 1.2.0 18.00 NOTE
r-oldrel-macos-x86_64 1.2.0 26.00 NOTE
r-oldrel-windows-ix86+x86_64 1.2.0 7.00 58.00 65.00 OK

Check Details

Version: 1.2.0
Check: dependencies in R code
Result: NOTE
    Namespace in Imports field not imported from: ‘base’
     All declared Imports should be used.
Flavors: r-devel-linux-x86_64-fedora-clang, r-devel-linux-x86_64-fedora-gcc, r-release-macos-arm64, r-release-macos-x86_64, r-oldrel-macos-arm64, r-oldrel-macos-x86_64