CRAN Package Check Results for Package Ritc

Last updated on 2020-02-27 05:48:59 CET.

Flavor Version Tinstall Tcheck Ttotal Status Flags
r-devel-linux-x86_64-debian-clang 1.0.2 2.23 20.67 22.90 NOTE
r-devel-linux-x86_64-debian-gcc 1.0.2 1.60 16.87 18.47 NOTE
r-devel-linux-x86_64-fedora-clang 1.0.2 28.45 NOTE
r-devel-linux-x86_64-fedora-gcc 1.0.2 27.83 NOTE
r-devel-windows-ix86+x86_64 1.0.2 5.00 35.00 40.00 OK
r-devel-windows-ix86+x86_64-gcc8 1.0.2 7.00 40.00 47.00 OK
r-patched-linux-x86_64 1.0.2 1.64 19.48 21.12 OK
r-patched-solaris-x86 1.0.2 40.30 OK
r-release-linux-x86_64 1.0.2 1.54 19.15 20.69 OK
r-release-windows-ix86+x86_64 1.0.2 5.00 33.00 38.00 OK
r-release-osx-x86_64 1.0.2 OK
r-oldrel-windows-ix86+x86_64 1.0.2 3.00 55.00 58.00 OK
r-oldrel-osx-x86_64 1.0.2 OK

Check Details

Version: 1.0.2
Check: for non-standard things in the check directory
Result: NOTE
    Found the following files/directories:
     'B110711CD4.CSV' 'inputparam2.txt' 'itcout0.pdf' 'itcout1.eps'
     'origin_data.csv'
Flavors: r-devel-linux-x86_64-debian-clang, r-devel-linux-x86_64-debian-gcc, r-devel-linux-x86_64-fedora-clang, r-devel-linux-x86_64-fedora-gcc