CRAN Package Check Results for Package Ritc

Last updated on 2019-09-18 05:47:08 CEST.

Flavor Version Tinstall Tcheck Ttotal Status Flags
r-devel-linux-x86_64-debian-clang 1.0.2 1.64 19.22 20.86 NOTE
r-devel-linux-x86_64-debian-gcc 1.0.2 1.54 15.49 17.03 NOTE
r-devel-linux-x86_64-fedora-clang 1.0.2 26.37 NOTE
r-devel-linux-x86_64-fedora-gcc 1.0.2 25.89 NOTE
r-devel-windows-ix86+x86_64 1.0.2 6.00 31.00 37.00 OK
r-patched-linux-x86_64 1.0.2 1.67 18.90 20.57 OK
r-patched-solaris-x86 1.0.2 39.50 OK
r-release-linux-x86_64 1.0.2 1.39 18.81 20.20 OK
r-release-windows-ix86+x86_64 1.0.2 5.00 50.00 55.00 OK
r-release-osx-x86_64 1.0.2 OK
r-oldrel-windows-ix86+x86_64 1.0.2 4.00 32.00 36.00 OK
r-oldrel-osx-x86_64 1.0.2 OK

Check Details

Version: 1.0.2
Check: for non-standard things in the check directory
Result: NOTE
    Found the following files/directories:
     'B110711CD4.CSV' 'inputparam2.txt' 'itcout0.pdf' 'itcout1.eps'
     'origin_data.csv'
Flavors: r-devel-linux-x86_64-debian-clang, r-devel-linux-x86_64-debian-gcc, r-devel-linux-x86_64-fedora-clang, r-devel-linux-x86_64-fedora-gcc