CRAN Package Check Results for Package RiverLoad

Last updated on 2021-09-21 05:51:31 CEST.

Flavor Version Tinstall Tcheck Ttotal Status Flags
r-devel-linux-x86_64-debian-clang 1.0.2 10.10 83.01 93.11 OK
r-devel-linux-x86_64-debian-gcc 1.0.2 8.54 61.98 70.52 OK
r-devel-linux-x86_64-fedora-clang 1.0.2 124.35 OK
r-devel-linux-x86_64-fedora-gcc 1.0.2 109.03 OK
r-devel-windows-x86_64 1.0.2 12.00 83.00 95.00 OK
r-devel-windows-x86_64-gcc10-UCRT 1.0.2 ERROR
r-patched-linux-x86_64 1.0.2 9.65 77.33 86.98 OK
r-patched-solaris-x86 1.0.2 151.10 OK
r-release-linux-x86_64 1.0.2 8.87 77.72 86.59 OK
r-release-macos-arm64 1.0.2 OK
r-release-macos-x86_64 1.0.2 ERROR
r-release-windows-ix86+x86_64 1.0.2 24.00 112.00 136.00 OK
r-oldrel-macos-x86_64 1.0.2 ERROR
r-oldrel-windows-ix86+x86_64 1.0.2 33.00 83.00 116.00 OK

Check Details

Version: 1.0.2
Check: whether package can be installed
Result: WARN
    Found the following significant warnings:
     WARNING: installation-time patches will not be applied, could not get the patches index
Flavor: r-devel-windows-x86_64-gcc10-UCRT

Version: 1.0.2
Check: PDF version of manual
Result: WARN
    LaTeX errors when creating PDF version.
    This typically indicates Rd problems.
Flavor: r-devel-windows-x86_64-gcc10-UCRT

Version: 1.0.2
Check: PDF version of manual without hyperrefs or index
Result: ERROR
    Re-running with no redirection of stdout/stderr.
Flavor: r-devel-windows-x86_64-gcc10-UCRT

Version: 1.0.2
Check: examples
Result: ERROR
    Running examples in ‘RiverLoad-Ex.R’ failed
    The error most likely occurred in:
    
    > ### Name: method4
    > ### Title: Load estimation with time-weighted concentration method
    > ### Aliases: method4
    > ### Keywords: univ
    >
    > ### ** Examples
    >
    > data("flow.data1", "conc.data1")
    > union<-db.union(flow.data1, conc.data1)
    > met4<-method4(union, 2)
    > met4.month<-method4(union, 2, "month")
    Error in x[[jj]][iseq] <- vjj : replacement has length zero
    Calls: method4 -> [<- -> [<-.data.frame
    Execution halted
Flavors: r-release-macos-x86_64, r-oldrel-macos-x86_64