Last updated on 2021-01-16 05:47:17 CET.
Flavor | Version | Tinstall | Tcheck | Ttotal | Status | Flags |
---|---|---|---|---|---|---|
r-devel-linux-x86_64-debian-clang | 0.1-3 | 399.14 | 126.23 | 525.37 | NOTE | |
r-devel-linux-x86_64-debian-gcc | 0.1-3 | 313.07 | 112.62 | 425.69 | NOTE | |
r-devel-linux-x86_64-fedora-clang | 0.1-3 | 745.50 | NOTE | |||
r-devel-linux-x86_64-fedora-gcc | 0.1-3 | 737.64 | NOTE | |||
r-devel-windows-ix86+x86_64 | 0.1-3 | 593.00 | 211.00 | 804.00 | NOTE | |
r-patched-linux-x86_64 | 0.1-3 | 268.32 | 134.37 | 402.69 | NOTE | |
r-patched-solaris-x86 | 0.1-3 | 706.60 | NOTE | |||
r-release-linux-x86_64 | 0.1-3 | 0.02 | 3.20 | 3.22 | ERROR | |
r-release-macos-x86_64 | 0.1-3 | NOTE | ||||
r-release-windows-ix86+x86_64 | 0.1-3 | 643.00 | 226.00 | 869.00 | NOTE | |
r-oldrel-macos-x86_64 | 0.1-3 | NOTE | ||||
r-oldrel-windows-ix86+x86_64 | 0.1-3 | 804.00 | 193.00 | 997.00 | NOTE |
Version: 0.1-3
Check: for GNU extensions in Makefiles
Result: NOTE
GNU make is a SystemRequirements.
Flavors: r-devel-linux-x86_64-debian-clang, r-devel-linux-x86_64-debian-gcc, r-devel-linux-x86_64-fedora-clang, r-devel-linux-x86_64-fedora-gcc, r-devel-windows-ix86+x86_64, r-patched-linux-x86_64, r-patched-solaris-x86, r-release-macos-x86_64, r-release-windows-ix86+x86_64, r-oldrel-macos-x86_64, r-oldrel-windows-ix86+x86_64
Version: 0.1-3
Check: installed package size
Result: NOTE
installed size is 67.7Mb
sub-directories of 1Mb or more:
libs 67.1Mb
Flavors: r-devel-linux-x86_64-fedora-clang, r-devel-windows-ix86+x86_64, r-release-macos-x86_64, r-release-windows-ix86+x86_64, r-oldrel-macos-x86_64, r-oldrel-windows-ix86+x86_64
Version: 0.1-3
Check: whether package can be installed
Result: ERROR
Installation failed.
Flavor: r-release-linux-x86_64