CRAN Package Check Results for Package Rlinkedin

Last updated on 2022-01-26 05:54:28 CET.

Flavor Version Tinstall Tcheck Ttotal Status Flags
r-devel-linux-x86_64-debian-clang 0.2 4.12 49.80 53.92 NOTE
r-devel-linux-x86_64-debian-gcc 0.2 4.02 38.93 42.95 NOTE
r-devel-linux-x86_64-fedora-clang 0.2 66.59 NOTE
r-devel-linux-x86_64-fedora-gcc 0.2 56.32 NOTE
r-devel-windows-x86_64-new-UL 0.2 38.00 73.00 111.00 NOTE
r-devel-windows-x86_64-new-TK 0.2 NOTE
r-patched-linux-x86_64 0.2 4.90 47.27 52.17 NOTE
r-release-linux-x86_64 0.2 4.37 46.70 51.07 NOTE
r-release-macos-arm64 0.2 NOTE
r-release-macos-x86_64 0.2 NOTE
r-release-windows-ix86+x86_64 0.2 11.00 62.00 73.00 NOTE
r-oldrel-macos-x86_64 0.2 OK
r-oldrel-windows-ix86+x86_64 0.2 11.00 60.00 71.00 OK

Check Details

Version: 0.2
Check: LazyData
Result: NOTE
     'LazyData' is specified without a 'data' directory
Flavors: r-devel-linux-x86_64-debian-clang, r-devel-linux-x86_64-debian-gcc, r-devel-linux-x86_64-fedora-clang, r-devel-linux-x86_64-fedora-gcc, r-devel-windows-x86_64-new-UL, r-devel-windows-x86_64-new-TK, r-patched-linux-x86_64, r-release-linux-x86_64, r-release-macos-arm64, r-release-macos-x86_64, r-release-windows-ix86+x86_64