CRAN Package Check Results for Package Rlof

Last updated on 2021-10-27 05:55:20 CEST.

Flavor Version Tinstall Tcheck Ttotal Status Flags
r-devel-linux-x86_64-debian-clang 1.1.2 2.69 22.16 24.85 OK
r-devel-linux-x86_64-debian-gcc 1.1.2 2.10 17.49 19.59 OK
r-devel-linux-x86_64-fedora-clang 1.1.2 42.47 NOTE
r-devel-linux-x86_64-fedora-gcc 1.1.2 31.44 NOTE
r-devel-windows-x86_64 1.1.2 6.00 33.00 39.00 OK
r-devel-windows-x86_64-gcc10-UCRT 1.1.2 OK
r-patched-linux-x86_64 1.1.2 2.87 21.13 24.00 OK
r-patched-solaris-x86 1.1.2 47.50 OK
r-release-linux-x86_64 1.1.2 2.83 21.25 24.08 OK
r-release-macos-arm64 1.1.2 OK
r-release-macos-x86_64 1.1.2 OK
r-release-windows-ix86+x86_64 1.1.2 7.00 48.00 55.00 OK
r-oldrel-macos-x86_64 1.1.2 OK
r-oldrel-windows-ix86+x86_64 1.1.2 9.00 50.00 59.00 OK

Additional issues

rchk

Check Details

Version: 1.1.2
Check: compiled code
Result: NOTE
    File ‘Rlof/libs/Rlof.so’:
     Found no calls to: ‘R_registerRoutines’, ‘R_useDynamicSymbols’
    
    It is good practice to register native routines and to disable symbol
    search.
    
    See ‘Writing portable packages’ in the ‘Writing R Extensions’ manual.
Flavors: r-devel-linux-x86_64-fedora-clang, r-devel-linux-x86_64-fedora-gcc