CRAN Package Check Results for Package RmarineHeatWaves

Last updated on 2024-06-13 06:58:16 CEST.

Flavor Version Tinstall Tcheck Ttotal Status Flags
r-devel-linux-x86_64-debian-clang 0.17.0 7.31 100.93 108.24 OK
r-devel-linux-x86_64-debian-gcc 0.17.0 0.49 1.87 2.36 ERROR
r-devel-linux-x86_64-fedora-clang 0.17.0 136.94 OK
r-devel-linux-x86_64-fedora-gcc 0.17.0 141.05 OK
r-devel-windows-x86_64 0.17.0 8.00 89.00 97.00 OK
r-patched-linux-x86_64 0.17.0 13.77 96.36 110.13 OK
r-release-linux-x86_64 0.17.0 4.81 95.29 100.10 OK
r-release-macos-arm64 0.17.0 45.00 OK
r-release-macos-x86_64 0.17.0 170.00 OK
r-release-windows-x86_64 0.17.0 8.00 88.00 96.00 OK
r-oldrel-macos-arm64 0.17.0 46.00 OK
r-oldrel-macos-x86_64 0.17.0 75.00 OK
r-oldrel-windows-x86_64 0.17.0 10.00 108.00 118.00 OK

Check Details

Version: 0.17.0
Check: package dependencies
Result: ERROR Packages required but not available: 'tibble', 'ggplot2', 'lubridate', 'dplyr', 'tidyr' See section ‘The DESCRIPTION file’ in the ‘Writing R Extensions’ manual. Flavor: r-devel-linux-x86_64-debian-gcc