CRAN Package Check Results for Package Rmosek

Last updated on 2019-08-18 05:46:24 CEST.

Flavor Version Tinstall Tcheck Ttotal Status Flags
r-devel-linux-x86_64-debian-clang 1.3.5 1.92 17.32 19.24 NOTE --no-examples --no-tests --no-vignettes
r-devel-linux-x86_64-debian-gcc 1.3.5 1.56 14.10 15.66 NOTE --no-examples --no-tests --no-vignettes
r-devel-linux-x86_64-fedora-clang 1.3.5 26.51 OK
r-devel-linux-x86_64-fedora-gcc 1.3.5 23.87 OK
r-devel-windows-ix86+x86_64 1.3.5 7.00 44.00 51.00 OK
r-patched-linux-x86_64 1.3.5 1.77 17.35 19.12 NOTE --no-examples --no-tests --no-vignettes
r-release-linux-x86_64 1.3.5 1.60 17.37 18.97 NOTE --no-examples --no-tests --no-vignettes
r-release-windows-ix86+x86_64 1.3.5 7.00 44.00 51.00 OK
r-release-osx-x86_64 1.3.5 OK
r-oldrel-windows-ix86+x86_64 1.3.5 3.00 39.00 42.00 OK
r-oldrel-osx-x86_64 1.3.5 OK

Check Details

Version: 1.3.5
Flags: --no-examples --no-tests --no-vignettes
Check: R code for possible problems
Result: NOTE
    Found the following calls to attach():
    File 'Rmosek/R/builder.R':
     attach(builderenv, pos, name, warn.conflicts)
    See section 'Good practice' in '?attach'.
Flavors: r-devel-linux-x86_64-debian-clang, r-devel-linux-x86_64-debian-gcc, r-patched-linux-x86_64, r-release-linux-x86_64