CRAN Package Check Results for Package Rmosek

Last updated on 2020-07-15 05:48:20 CEST.

Flavor Version Tinstall Tcheck Ttotal Status Flags
r-devel-linux-x86_64-debian-clang 1.3.5 2.17 18.57 20.74 NOTE --no-examples --no-tests --no-vignettes
r-devel-linux-x86_64-debian-gcc 1.3.5 1.59 14.99 16.58 NOTE --no-examples --no-tests --no-vignettes
r-devel-linux-x86_64-fedora-clang 1.3.5 36.71 OK
r-devel-linux-x86_64-fedora-gcc 1.3.5 26.63 OK
r-devel-windows-ix86+x86_64 1.3.5 9.00 47.00 56.00 OK
r-patched-linux-x86_64 1.3.5 1.99 18.49 20.48 NOTE --no-examples --no-tests --no-vignettes
r-release-linux-x86_64 1.3.5 1.93 18.54 20.47 NOTE --no-examples --no-tests --no-vignettes
r-release-macos-x86_64 1.3.5 ERROR
r-release-windows-ix86+x86_64 1.3.5 7.00 32.00 39.00 OK
r-oldrel-macos-x86_64 1.3.5 OK
r-oldrel-windows-ix86+x86_64 1.3.5 13.00 42.00 55.00 OK

Check Details

Version: 1.3.5
Flags: --no-examples --no-tests --no-vignettes
Check: R code for possible problems
Result: NOTE
    Found the following calls to attach():
    File 'Rmosek/R/builder.R':
     attach(builderenv, pos, name, warn.conflicts)
    See section 'Good practice' in '?attach'.
Flavors: r-devel-linux-x86_64-debian-clang, r-devel-linux-x86_64-debian-gcc, r-patched-linux-x86_64, r-release-linux-x86_64

Version: 1.3.5
Check: whether package can be installed
Result: ERROR
    Installation failed.
Flavor: r-release-macos-x86_64