CRAN Package Check Results for Package Rnmr1D

Last updated on 2021-09-24 05:55:39 CEST.

Flavor Version Tinstall Tcheck Ttotal Status Flags
r-devel-linux-x86_64-debian-clang 1.2.5 40.14 164.64 204.78 OK
r-devel-linux-x86_64-debian-gcc 1.2.5 29.39 121.41 150.80 OK
r-devel-linux-x86_64-fedora-clang 1.2.5 260.30 NOTE
r-devel-linux-x86_64-fedora-gcc 1.2.5 236.61 NOTE
r-devel-windows-x86_64 1.2.5 40.00 239.00 279.00 OK
r-devel-windows-x86_64-gcc10-UCRT 1.2.5 NOTE
r-patched-linux-x86_64 1.2.5 33.18 123.21 156.39 OK
r-patched-solaris-x86 1.2.5 267.70 NOTE
r-release-linux-x86_64 1.2.5 33.32 121.99 155.31 OK
r-release-macos-arm64 1.2.5 NOTE
r-release-macos-x86_64 1.2.5 NOTE
r-release-windows-ix86+x86_64 1.2.5 88.00 207.00 295.00 OK
r-oldrel-macos-x86_64 1.2.5 NOTE
r-oldrel-windows-ix86+x86_64 1.2.5 61.00 164.00 225.00 OK

Additional issues

donttest

Check Details

Version: 1.2.5
Check: dependencies in R code
Result: NOTE
    Namespace in Imports field not imported from: ‘impute’
     All declared Imports should be used.
Flavors: r-devel-linux-x86_64-fedora-clang, r-devel-linux-x86_64-fedora-gcc, r-devel-windows-x86_64-gcc10-UCRT, r-patched-solaris-x86, r-release-macos-arm64, r-release-macos-x86_64, r-oldrel-macos-x86_64