Last updated on 2023-02-04 05:53:08 CET.
Flavor | Version | Tinstall | Tcheck | Ttotal | Status | Flags |
---|---|---|---|---|---|---|
r-devel-linux-x86_64-debian-clang | 2.3.1 | 39.01 | 119.99 | 159.00 | OK | |
r-devel-linux-x86_64-debian-gcc | 2.3.1 | 29.22 | 88.70 | 117.92 | OK | |
r-devel-linux-x86_64-fedora-clang | 2.3.1 | 217.74 | NOTE | |||
r-devel-linux-x86_64-fedora-gcc | 2.3.1 | 309.73 | NOTE | |||
r-devel-windows-x86_64 | 2.3.1 | 110.00 | 270.00 | 380.00 | OK | |
r-patched-linux-x86_64 | 2.3.1 | 26.07 | 106.82 | 132.89 | OK | |
r-release-linux-x86_64 | 2.3.1 | 28.29 | 105.40 | 133.69 | OK | |
r-release-macos-arm64 | 2.3.1 | 113.00 | NOTE | |||
r-release-macos-x86_64 | 2.3.1 | 148.00 | NOTE | |||
r-release-windows-x86_64 | 2.3.1 | 88.00 | 275.00 | 363.00 | OK | |
r-oldrel-macos-arm64 | 2.3.1 | 114.00 | NOTE | |||
r-oldrel-macos-x86_64 | 2.3.1 | 153.00 | NOTE | |||
r-oldrel-windows-ix86+x86_64 | 2.3.1 | 72.00 | 415.00 | 487.00 | OK |
Version: 2.3.1
Check: dependencies in R code
Result: NOTE
Namespaces in Imports field not imported from:
‘Rdpack’ ‘bridgesampling’ ‘extraDistr’ ‘psych’ ‘runjags’
All declared Imports should be used.
Flavors: r-devel-linux-x86_64-fedora-clang, r-devel-linux-x86_64-fedora-gcc, r-release-macos-arm64, r-release-macos-x86_64, r-oldrel-macos-arm64, r-oldrel-macos-x86_64
Version: 2.3.1
Check: Rd cross-references
Result: NOTE
Undeclared package ‘metafor’ in Rd xrefs
Flavor: r-devel-linux-x86_64-fedora-clang