CRAN Package Check Results for Package RobLox

Last updated on 2021-11-30 05:53:31 CET.

Flavor Version Tinstall Tcheck Ttotal Status Flags
r-devel-linux-x86_64-debian-clang 1.2.0 19.78 187.00 206.78 OK
r-devel-linux-x86_64-debian-gcc 1.2.0 15.35 136.51 151.86 OK
r-devel-linux-x86_64-fedora-clang 1.2.0 270.34 NOTE
r-devel-linux-x86_64-fedora-gcc 1.2.0 243.93 OK
r-devel-windows-x86_64-new-UL 1.2.0 35.00 224.00 259.00 OK
r-devel-windows-x86_64-new-TK 1.2.0 OK
r-devel-windows-x86_64-old 1.2.0 29.00 175.00 204.00 OK
r-patched-linux-x86_64 1.2.0 19.54 176.68 196.22 OK
r-patched-solaris-x86 1.2.0 333.30 OK
r-release-linux-x86_64 1.2.0 16.39 180.69 197.08 OK
r-release-macos-arm64 1.2.0 OK
r-release-macos-x86_64 1.2.0 OK
r-release-windows-ix86+x86_64 1.2.0 40.00 150.00 190.00 OK
r-oldrel-macos-x86_64 1.2.0 OK
r-oldrel-windows-ix86+x86_64 1.2.0 30.00 187.00 217.00 OK

Check Details

Version: 1.2.0
Check: Rd cross-references
Result: NOTE
    Undeclared package ‘ROptEst’ in Rd xrefs
Flavor: r-devel-linux-x86_64-fedora-clang