CRAN Package Check Results for Package RobLoxBioC

Last updated on 2021-12-05 05:52:58 CET.

Flavor Version Tinstall Tcheck Ttotal Status Flags
r-devel-linux-x86_64-debian-clang 1.2.0 33.26 298.28 331.54 OK
r-devel-linux-x86_64-debian-gcc 1.2.0 27.74 229.49 257.23 OK
r-devel-linux-x86_64-fedora-clang 1.2.0 406.07 NOTE
r-devel-linux-x86_64-fedora-gcc 1.2.0 388.73 OK
r-devel-windows-x86_64-new-UL 1.2.0 51.00 318.00 369.00 OK
r-devel-windows-x86_64-new-TK 1.2.0 OK
r-devel-windows-x86_64-old 1.2.0 49.00 274.00 323.00 OK
r-patched-linux-x86_64 1.2.0 31.53 275.70 307.23 OK
r-release-linux-x86_64 1.2.0 24.25 289.35 313.60 OK
r-release-macos-arm64 1.2.0 NOTE
r-release-macos-x86_64 1.2.0 ERROR
r-release-windows-ix86+x86_64 1.2.0 77.00 315.00 392.00 OK
r-oldrel-macos-x86_64 1.2.0 NOTE
r-oldrel-windows-ix86+x86_64 1.2.0 71.00 304.00 375.00 OK

Check Details

Version: 1.2.0
Check: Rd cross-references
Result: NOTE
    Undeclared package ‘distrEx’ in Rd xrefs
Flavor: r-devel-linux-x86_64-fedora-clang

Version: 1.2.0
Check: package dependencies
Result: NOTE
    Package suggested but not available for checking: ‘illuminaHumanv3.db’
Flavor: r-release-macos-arm64

Version: 1.2.0
Check: package dependencies
Result: NOTE
    Packages suggested but not available for checking:
     'affydata', 'hgu95av2cdf', 'beadarrayExampleData',
     'illuminaHumanv3.db'
Flavors: r-release-macos-x86_64, r-oldrel-macos-x86_64

Version: 1.2.0
Check: whether package can be installed
Result: ERROR
    Installation failed.
Flavor: r-release-macos-x86_64