CRAN Package Check Results for Package RobMixReg

Last updated on 2021-12-06 05:53:21 CET.

Flavor Version Tinstall Tcheck Ttotal Status Flags
r-devel-linux-x86_64-debian-clang 1.1.0 10.74 100.00 110.74 OK
r-devel-linux-x86_64-debian-gcc 1.1.0 9.83 75.74 85.57 OK
r-devel-linux-x86_64-fedora-clang 1.1.0 135.41 NOTE
r-devel-linux-x86_64-fedora-gcc 1.1.0 120.03 NOTE
r-devel-windows-x86_64-new-UL 1.1.0 24.00 127.00 151.00 OK
r-devel-windows-x86_64-new-TK 1.1.0 NOTE
r-devel-windows-x86_64-old 1.1.0 18.00 84.00 102.00 OK
r-patched-linux-x86_64 1.1.0 10.04 86.56 96.60 OK
r-release-linux-x86_64 1.1.0 10.62 94.05 104.67 OK
r-release-macos-arm64 1.1.0 NOTE
r-release-macos-x86_64 1.1.0 NOTE
r-release-windows-ix86+x86_64 1.1.0 25.00 110.00 135.00 OK
r-oldrel-macos-x86_64 1.1.0 NOTE
r-oldrel-windows-ix86+x86_64 1.1.0 26.00 112.00 138.00 OK

Check Details

Version: 1.1.0
Check: dependencies in R code
Result: NOTE
    Namespace in Imports field not imported from: ‘glmnet’
     All declared Imports should be used.
Flavors: r-devel-linux-x86_64-fedora-clang, r-devel-linux-x86_64-fedora-gcc, r-devel-windows-x86_64-new-TK, r-release-macos-arm64, r-release-macos-x86_64, r-oldrel-macos-x86_64