CRAN Package Check Results for Package RobStatTM

Last updated on 2019-09-15 05:46:25 CEST.

Flavor Version Tinstall Tcheck Ttotal Status Flags
r-devel-linux-x86_64-debian-clang 1.0.1 15.86 67.74 83.60 OK
r-devel-linux-x86_64-debian-gcc 1.0.1 11.05 52.67 63.72 OK
r-devel-linux-x86_64-fedora-clang 1.0.1 99.44 NOTE
r-devel-linux-x86_64-fedora-gcc 1.0.1 98.24 NOTE
r-devel-windows-ix86+x86_64 1.0.1 41.00 135.00 176.00 OK
r-patched-linux-x86_64 1.0.1 13.62 67.60 81.22 OK
r-patched-solaris-x86 1.0.1 124.20 ERROR
r-release-linux-x86_64 1.0.1 13.87 67.23 81.10 OK
r-release-windows-ix86+x86_64 1.0.1 22.00 103.00 125.00 OK
r-release-osx-x86_64 1.0.1 NOTE
r-oldrel-windows-ix86+x86_64 1.0.1 31.00 133.00 164.00 OK
r-oldrel-osx-x86_64 1.0.1 NOTE

Check Details

Version: 1.0.1
Check: dependencies in R code
Result: NOTE
    Namespaces in Imports field not imported from:
     ‘DEoptimR’ ‘DT’ ‘PerformanceAnalytics’ ‘ggplot2’ ‘graphics’
     ‘gridExtra’ ‘methods’ ‘robust’ ‘shinyjs’ ‘utils’ ‘xts’
     All declared Imports should be used.
Flavors: r-devel-linux-x86_64-fedora-clang, r-devel-linux-x86_64-fedora-gcc, r-patched-solaris-x86, r-release-osx-x86_64, r-oldrel-osx-x86_64

Version: 1.0.1
Check: examples
Result: ERROR
    Running examples in ‘RobStatTM-Ex.R’ failed
    The error most likely occurred in:
    
    > ### Name: lmrobdet.control
    > ### Title: Tuning parameters for lmrobdetMM and lmrobdetDCML
    > ### Aliases: lmrobdet.control
    >
    > ### ** Examples
    >
    > data(coleman, package='robustbase')
    > m2 <- lmrobdetMM(Y ~ ., data=coleman, control=lmrobdet.control(refine.PY=50))
    
     *** caught segfault ***
    address 0, cause 'memory not mapped'
    
    Traceback:
     1: pyinit::pyinit(x = X, y = y, intercept = FALSE, delta = dee, cc = 1.54764, psc_keep = control$psc_keep * (1 - (p/n)), resid_keep_method = control$resid_keep_method, resid_keep_thresh = control$resid_keep_thresh, resid_keep_prop = control$resid_keep_prop, maxit = control$py_maxit, eps = control$py_eps, mscale_maxit = control$mscale_maxit, mscale_tol = control$mscale_tol, mscale_rho_fun = "bisquare")
     2: MMPY(X = x, y = y, control = control, mf = mf)
     3: lmrobdetMM(Y ~ ., data = coleman, control = lmrobdet.control(refine.PY = 50))
    An irrecoverable exception occurred. R is aborting now ...
Flavor: r-patched-solaris-x86