CRAN Package Check Results for Package RobStatTM

Last updated on 2019-06-24 05:58:18 CEST.

Flavor Version Tinstall Tcheck Ttotal Status Flags
r-devel-linux-x86_64-debian-clang 1.0.0 13.81 66.25 80.06 OK
r-devel-linux-x86_64-debian-gcc 1.0.0 11.22 52.04 63.26 OK
r-devel-linux-x86_64-fedora-clang 1.0.0 100.57 NOTE
r-devel-linux-x86_64-fedora-gcc 1.0.0 94.18 NOTE
r-devel-windows-ix86+x86_64 1.0.0 35.00 128.00 163.00 OK
r-patched-linux-x86_64 1.0.0 11.87 66.62 78.49 OK
r-patched-solaris-x86 1.0.0 130.50 ERROR
r-release-linux-x86_64 1.0.0 12.07 66.18 78.25 OK
r-release-windows-ix86+x86_64 1.0.0 27.00 108.00 135.00 OK
r-release-osx-x86_64 1.0.0 NOTE
r-oldrel-windows-ix86+x86_64 1.0.0 21.00 90.00 111.00 OK
r-oldrel-osx-x86_64 1.0.0 NOTE

Check Details

Version: 1.0.0
Check: dependencies in R code
Result: NOTE
    Namespaces in Imports field not imported from:
     ‘DEoptimR’ ‘DT’ ‘PerformanceAnalytics’ ‘ggplot2’ ‘graphics’
     ‘gridExtra’ ‘methods’ ‘robust’ ‘shinyjs’ ‘utils’ ‘xts’
     All declared Imports should be used.
Flavors: r-devel-linux-x86_64-fedora-clang, r-devel-linux-x86_64-fedora-gcc, r-patched-solaris-x86, r-release-osx-x86_64, r-oldrel-osx-x86_64

Version: 1.0.0
Check: examples
Result: ERROR
    Running examples in ‘RobStatTM-Ex.R’ failed
    The error most likely occurred in:
    
    > ### Name: lmrobdet.control
    > ### Title: Tuning parameters for lmrobdetMM and lmrobdetDCML
    > ### Aliases: lmrobdet.control
    >
    > ### ** Examples
    >
    > data(coleman, package='robustbase')
    > m2 <- lmrobdetMM(Y ~ ., data=coleman, control=lmrobdet.control(refine.PY=50))
    
     *** caught segfault ***
    address 0, cause 'memory not mapped'
    
    Traceback:
     1: pyinit::pyinit(x = X, y = y, intercept = FALSE, delta = dee, cc = 1.54764, psc_keep = control$psc_keep * (1 - (p/n)), resid_keep_method = control$resid_keep_method, resid_keep_thresh = control$resid_keep_thresh, resid_keep_prop = control$resid_keep_prop, maxit = control$py_maxit, eps = control$py_eps, mscale_maxit = control$mscale_maxit, mscale_tol = control$mscale_tol, mscale_rho_fun = "bisquare")
     2: MMPY(X = x, y = y, control = control, mf = mf)
     3: lmrobdetMM(Y ~ ., data = coleman, control = lmrobdet.control(refine.PY = 50))
    An irrecoverable exception occurred. R is aborting now ...
Flavor: r-patched-solaris-x86