CRAN Package Check Results for Package RobustGaSP

Last updated on 2022-01-20 05:50:34 CET.

Flavor Version Tinstall Tcheck Ttotal Status Flags
r-devel-linux-x86_64-debian-clang 0.6.4 OK
r-devel-linux-x86_64-debian-gcc 0.6.4 58.49 50.42 108.91 OK
r-devel-linux-x86_64-fedora-clang 0.6.4 190.84 NOTE
r-devel-linux-x86_64-fedora-gcc 0.6.4 176.52 OK
r-devel-windows-x86_64-new-UL 0.6.4 196.00 117.00 313.00 OK
r-devel-windows-x86_64-new-TK 0.6.4 OK
r-patched-linux-x86_64 0.6.4 64.00 64.42 128.42 OK
r-release-linux-x86_64 0.6.4 OK
r-release-macos-arm64 0.6.4 NOTE
r-release-macos-x86_64 0.6.4 NOTE
r-release-windows-ix86+x86_64 0.6.4 142.00 145.00 287.00 OK
r-oldrel-macos-x86_64 0.6.3 NOTE
r-oldrel-windows-ix86+x86_64 0.6.4 144.00 147.00 291.00 OK

Check Details

Version: 0.6.4
Check: installed package size
Result: NOTE
     installed size is 25.8Mb
     sub-directories of 1Mb or more:
     libs 25.2Mb
Flavors: r-devel-linux-x86_64-fedora-clang, r-release-macos-arm64, r-release-macos-x86_64

Version: 0.6.3
Check: installed package size
Result: NOTE
     installed size is 30.0Mb
     sub-directories of 1Mb or more:
     libs 29.5Mb
Flavor: r-oldrel-macos-x86_64