CRAN Package Check Results for Package RoundAndRound

Last updated on 2020-02-27 05:48:59 CET.

Flavor Version Tinstall Tcheck Ttotal Status Flags
r-devel-linux-x86_64-debian-clang 0.0.1 2.35 22.43 24.78 OK
r-devel-linux-x86_64-debian-gcc 0.0.1 2.02 18.49 20.51 OK
r-devel-linux-x86_64-fedora-clang 0.0.1 30.57 NOTE
r-devel-linux-x86_64-fedora-gcc 0.0.1 29.86 NOTE
r-devel-windows-ix86+x86_64 0.0.1 8.00 36.00 44.00 OK
r-devel-windows-ix86+x86_64-gcc8 0.0.1 9.00 37.00 46.00 OK
r-patched-linux-x86_64 0.0.1 1.91 20.46 22.37 OK
r-patched-solaris-x86 0.0.1 46.00 NOTE
r-release-linux-x86_64 0.0.1 2.17 20.45 22.62 OK
r-release-windows-ix86+x86_64 0.0.1 5.00 36.00 41.00 OK
r-release-osx-x86_64 0.0.1 NOTE
r-oldrel-windows-ix86+x86_64 0.0.1 3.00 36.00 39.00 OK
r-oldrel-osx-x86_64 0.0.1 NOTE

Check Details

Version: 0.0.1
Check: dependencies in R code
Result: NOTE
    Namespace in Imports field not imported from: ‘geometry’
     All declared Imports should be used.
Flavors: r-devel-linux-x86_64-fedora-clang, r-devel-linux-x86_64-fedora-gcc, r-patched-solaris-x86, r-release-osx-x86_64, r-oldrel-osx-x86_64