CRAN Package Check Results for Package RoundAndRound

Last updated on 2019-09-20 05:47:05 CEST.

Flavor Version Tinstall Tcheck Ttotal Status Flags
r-devel-linux-x86_64-debian-clang 0.0.1 2.61 20.35 22.96 OK
r-devel-linux-x86_64-debian-gcc 0.0.1 2.04 16.48 18.52 OK
r-devel-linux-x86_64-fedora-clang 0.0.1 28.22 NOTE
r-devel-linux-x86_64-fedora-gcc 0.0.1 27.62 NOTE
r-devel-windows-ix86+x86_64 0.0.1 17.00 49.00 66.00 OK
r-patched-linux-x86_64 0.0.1 2.04 20.24 22.28 OK
r-patched-solaris-x86 0.0.1 46.30 NOTE
r-release-linux-x86_64 0.0.1 2.03 20.06 22.09 OK
r-release-windows-ix86+x86_64 0.0.1 6.00 37.00 43.00 OK
r-release-osx-x86_64 0.0.1 NOTE
r-oldrel-windows-ix86+x86_64 0.0.1 3.00 34.00 37.00 OK
r-oldrel-osx-x86_64 0.0.1 NOTE

Check Details

Version: 0.0.1
Check: dependencies in R code
Result: NOTE
    Namespace in Imports field not imported from: ‘geometry’
     All declared Imports should be used.
Flavors: r-devel-linux-x86_64-fedora-clang, r-devel-linux-x86_64-fedora-gcc, r-patched-solaris-x86, r-release-osx-x86_64, r-oldrel-osx-x86_64