CRAN Package Check Results for Package Rprofet

Last updated on 2020-04-08 05:47:32 CEST.

Flavor Version Tinstall Tcheck Ttotal Status Flags
r-devel-linux-x86_64-debian-clang 2.2.1 7.07 75.47 82.54 OK
r-devel-linux-x86_64-debian-gcc 2.2.1 5.20 56.85 62.05 OK
r-devel-linux-x86_64-fedora-clang 2.2.1 96.42 OK
r-devel-linux-x86_64-fedora-gcc 2.2.1 97.42 OK
r-devel-windows-ix86+x86_64 2.2.1 17.00 128.00 145.00 OK
r-devel-windows-ix86+x86_64-gcc8 2.2.0 19.00 75.00 94.00 ERROR
r-patched-linux-x86_64 2.2.1 6.51 72.84 79.35 OK
r-patched-solaris-x86 2.2.1 144.20 OK
r-release-linux-x86_64 2.2.1 5.38 67.88 73.26 OK
r-release-windows-ix86+x86_64 2.2.1 18.00 86.00 104.00 OK
r-release-osx-x86_64 2.2.1 OK
r-oldrel-windows-ix86+x86_64 2.2.1 13.00 132.00 145.00 OK
r-oldrel-osx-x86_64 2.2.0 OK

Check Details

Version: 2.2.0
Check: examples
Result: ERROR
    Running examples in 'Rprofet-Ex.R' failed
    The error most likely occurred in:
    
    > ### Name: ScorecardProfet
    > ### Title: Scorecard Builder
    > ### Aliases: ScorecardProfet
    >
    > ### ** Examples
    >
    > mydata <- ISLR::Default
    >
    > mydata$ID = seq(1:nrow(mydata)) ## make the ID variable
    > mydata$default<-ifelse(mydata$default=="Yes",1,0) ## Creating numeric binary target variable
    >
    > binned <- BinProfet(mydata, id= "ID", target= "default", num.bins = 5) ## Binning variables
    >
    > WOE_dat <- WOEProfet(binned, "ID","default", 3:5) ## WOE transformation of bins
    Error in aggregate.data.frame(lhs, mf[-1L], FUN = FUN, ...) :
     no rows to aggregate
    Calls: WOEProfet ... aggregate -> aggregate.formula -> aggregate.data.frame
    Execution halted
Flavor: r-devel-windows-ix86+x86_64-gcc8