CRAN Package Check Results for Package Rsgf

Last updated on 2023-02-08 06:00:15 CET.

Flavor Version Tinstall Tcheck Ttotal Status Flags
r-devel-linux-x86_64-debian-clang 1.0.0 5.51 49.23 54.74 OK
r-devel-linux-x86_64-debian-gcc 1.0.0 3.98 37.41 41.39 OK
r-devel-linux-x86_64-fedora-clang 1.0.0 74.13 NOTE
r-devel-linux-x86_64-fedora-gcc 1.0.0 65.49 NOTE
r-devel-windows-x86_64 1.0.0 16.00 75.00 91.00 OK
r-patched-linux-x86_64 1.0.0 5.01 47.61 52.62 OK
r-release-linux-x86_64 1.0.0 5.52 48.22 53.74 OK
r-release-macos-arm64 1.0.0 25.00 NOTE
r-release-macos-x86_64 1.0.0 47.00 NOTE
r-release-windows-x86_64 1.0.0 18.00 85.00 103.00 OK
r-oldrel-macos-arm64 1.0.0 27.00 NOTE
r-oldrel-macos-x86_64 1.0.0 32.00 NOTE
r-oldrel-windows-ix86+x86_64 1.0.0 14.00 72.00 86.00 OK

Check Details

Version: 1.0.0
Check: dependencies in R code
Result: NOTE
    Namespace in Imports field not imported from: ‘utils’
     All declared Imports should be used.
Flavors: r-devel-linux-x86_64-fedora-clang, r-devel-linux-x86_64-fedora-gcc, r-release-macos-arm64, r-release-macos-x86_64, r-oldrel-macos-arm64, r-oldrel-macos-x86_64