CRAN Package Check Results for Package Rttf2pt1

Last updated on 2022-01-22 05:10:31 CET.

Flavor Version Tinstall Tcheck Ttotal Status Flags
r-devel-linux-x86_64-debian-clang 1.3.9 9.83 27.81 37.64 WARN
r-devel-linux-x86_64-debian-gcc 1.3.9 7.81 21.95 29.76 WARN
r-devel-linux-x86_64-fedora-clang 1.3.9 48.25 WARN
r-devel-linux-x86_64-fedora-gcc 1.3.9 38.20 WARN
r-devel-windows-x86_64-new-UL 1.3.9 52.00 41.00 93.00 OK
r-devel-windows-x86_64-new-TK 1.3.9 OK
r-patched-linux-x86_64 1.3.9 7.92 26.84 34.76 OK
r-release-linux-x86_64 1.3.9 10.77 26.62 37.39 OK
r-release-macos-arm64 1.3.9 OK
r-release-macos-x86_64 1.3.9 OK
r-release-windows-ix86+x86_64 1.3.9 16.00 35.00 51.00 OK
r-oldrel-macos-x86_64 1.3.9 OK
r-oldrel-windows-ix86+x86_64 1.3.9 13.00 25.00 38.00 OK

Check Details

Version: 1.3.9
Check: whether package can be installed
Result: WARN
    Found the following significant warnings:
     ttf2pt1.c:1331:18: warning: passing 'char *' to parameter of type 'unsigned char *' converts between pointers to integer types where one is of the unique plain 'char' type and the other is not [-Wpointer-sign]
     ttf2pt1.c:1392:46: warning: passing 'unsigned int [1024]' to parameter of type 'int *' converts between pointers to integer types with different sign [-Wpointer-sign]
     ttf2pt1.c:1406:46: warning: passing 'unsigned int [1024]' to parameter of type 'int *' converts between pointers to integer types with different sign [-Wpointer-sign]
     ttf.c:224:35: warning: passing 'char *' to parameter of type 'unsigned char *' converts between pointers to integer types where one is of the unique plain 'char' type and the other is not [-Wpointer-sign]
     ttf.c:248:36: warning: passing 'char *' to parameter of type 'unsigned char *' converts between pointers to integer types where one is of the unique plain 'char' type and the other is not [-Wpointer-sign]
     bdf.c:224:42: warning: passing 'char [2000]' to parameter of type 'unsigned char *' converts between pointers to integer types where one is of the unique plain 'char' type and the other is not [-Wpointer-sign]
Flavors: r-devel-linux-x86_64-debian-clang, r-devel-linux-x86_64-fedora-clang

Version: 1.3.9
Check: whether package can be installed
Result: WARN
    Found the following significant warnings:
     ttf2pt1.c:1331:66: warning: pointer targets in passing argument 1 of ‘nametoprint’ differ in signedness [-Wpointer-sign]
     ttf2pt1.c:1392:67: warning: pointer targets in passing argument 3 of ‘cursw->glenc’ differ in signedness [-Wpointer-sign]
     ttf2pt1.c:1406:67: warning: pointer targets in passing argument 3 of ‘cursw->glenc’ differ in signedness [-Wpointer-sign]
     ttf.c:224:70: warning: pointer targets in passing argument 1 of ‘dupcnstring’ differ in signedness [-Wpointer-sign]
     ttf.c:248:78: warning: pointer targets in passing argument 1 of ‘dupcnstring’ differ in signedness [-Wpointer-sign]
     bdf.c:224:63: warning: pointer targets in passing argument 1 of ‘dupcnstring’ differ in signedness [-Wpointer-sign]
Flavor: r-devel-linux-x86_64-debian-gcc

Version: 1.3.9
Check: whether package can be installed
Result: WARN
    Found the following significant warnings:
     ttf2pt1.c:1331:31: warning: pointer targets in passing argument 1 of ‘nametoprint’ differ in signedness [-Wpointer-sign]
     ttf2pt1.c:1392:46: warning: pointer targets in passing argument 3 of ‘cursw->glenc’ differ in signedness [-Wpointer-sign]
     ttf2pt1.c:1406:46: warning: pointer targets in passing argument 3 of ‘cursw->glenc’ differ in signedness [-Wpointer-sign]
     ttf.c:224:35: warning: pointer targets in passing argument 1 of ‘dupcnstring’ differ in signedness [-Wpointer-sign]
     ttf.c:248:36: warning: pointer targets in passing argument 1 of ‘dupcnstring’ differ in signedness [-Wpointer-sign]
     bdf.c:224:42: warning: pointer targets in passing argument 1 of ‘dupcnstring’ differ in signedness [-Wpointer-sign]
Flavor: r-devel-linux-x86_64-fedora-gcc