CRAN Package Check Results for Package RxODE

Last updated on 2022-10-07 05:52:08 CEST.

Flavor Version Tinstall Tcheck Ttotal Status Flags
r-devel-linux-x86_64-debian-clang 1.1.5 516.43 226.40 742.83 WARN
r-devel-linux-x86_64-debian-gcc 1.1.5 469.48 156.73 626.21 WARN
r-devel-linux-x86_64-fedora-clang 1.1.5 864.47 WARN
r-devel-linux-x86_64-fedora-gcc 1.1.5 1048.99 WARN
r-devel-windows-x86_64 1.1.5 1131.00 376.00 1507.00 NOTE
r-patched-linux-x86_64 1.1.5 514.29 190.86 705.15 OK
r-release-linux-x86_64 1.1.5 508.77 189.20 697.97 OK
r-release-macos-arm64 1.1.5 317.00 NOTE
r-release-macos-x86_64 1.1.5 786.00 NOTE
r-release-windows-x86_64 1.1.5 864.00 346.00 1210.00 NOTE
r-oldrel-macos-arm64 1.1.5 319.00 NOTE
r-oldrel-macos-x86_64 1.1.5 519.00 NOTE
r-oldrel-windows-ix86+x86_64 1.1.5 1185.00 454.00 1639.00 NOTE

Additional issues

clang15 clang15

Check Details

Version: 1.1.5
Check: whether package can be installed
Result: WARN
    Found the following significant warnings:
     rxData.cpp:1254:15: warning: anonymous non-C-compatible type given name for linkage purposes by typedef declaration; add a tag name here [-Wnon-c-typedef-for-linkage]
     rxData.cpp:2343:15: warning: anonymous non-C-compatible type given name for linkage purposes by typedef declaration; add a tag name here [-Wnon-c-typedef-for-linkage]
Flavor: r-devel-linux-x86_64-debian-clang

Version: 1.1.5
Check: Rd files
Result: NOTE
    checkRd: (-1) add.dosing.Rd:147: Escaped LaTeX specials: \&
    checkRd: (-1) add.sampling.Rd:113: Escaped LaTeX specials: \&
    checkRd: (-1) et.Rd:243: Escaped LaTeX specials: \&
    checkRd: (-1) etRbind.Rd:146: Escaped LaTeX specials: \&
    checkRd: (-1) etRep.Rd:164: Escaped LaTeX specials: \&
    checkRd: (-1) etSeq.Rd:143: Escaped LaTeX specials: \&
Flavors: r-devel-linux-x86_64-debian-clang, r-devel-linux-x86_64-debian-gcc, r-devel-linux-x86_64-fedora-clang, r-devel-linux-x86_64-fedora-gcc, r-devel-windows-x86_64

Version: 1.1.5
Check: whether package can be installed
Result: WARN
    Found the following significant warnings:
     ../inst/include/RxODE.h:49:1: warning: function declaration isn’t a prototype [-Wstrict-prototypes]
     ../inst/include/RxODE.h:299:1: warning: function declaration isn’t a prototype [-Wstrict-prototypes]
     ../inst/include/RxODE.h:301:1: warning: function declaration isn’t a prototype [-Wstrict-prototypes]
     ../inst/include/RxODE.h:303:1: warning: function declaration isn’t a prototype [-Wstrict-prototypes]
     ../inst/include/RxODE.h:304:1: warning: function declaration isn’t a prototype [-Wstrict-prototypes]
     ../inst/include/RxODE.h:312:1: warning: function declaration isn’t a prototype [-Wstrict-prototypes]
     call_dvode.c:21:13: warning: function declaration isn’t a prototype [-Wstrict-prototypes]
     call_dvode.c:24:6: warning: function declaration isn’t a prototype [-Wstrict-prototypes]
     call_dvode.c:34:12: warning: function declaration isn’t a prototype [-Wstrict-prototypes]
     call_dvode.c:47:13: warning: function declaration isn’t a prototype [-Wstrict-prototypes]
     call_dvode.c:55:1: warning: function declaration isn’t a prototype [-Wstrict-prototypes]
     tran.h:7:1: warning: function declaration isn’t a prototype [-Wstrict-prototypes]
     tran.h:287:1: warning: function declaration isn’t a prototype [-Wstrict-prototypes]
     genModelVars.h:27:20: warning: function declaration isn’t a prototype [-Wstrict-prototypes]
     genModelVars.h:57:20: warning: function declaration isn’t a prototype [-Wstrict-prototypes]
     genModelVars.h:73:20: warning: function declaration isn’t a prototype [-Wstrict-prototypes]
     genModelVars.h:92:20: warning: function declaration isn’t a prototype [-Wstrict-prototypes]
     genModelVars.h:121:20: warning: function declaration isn’t a prototype [-Wstrict-prototypes]
     genModelVars.h:146:20: warning: function declaration isn’t a prototype [-Wstrict-prototypes]
     genModelVars.h:340:1: warning: function declaration isn’t a prototype [-Wstrict-prototypes]
     genModelVars.c:5:6: warning: function declaration isn’t a prototype [-Wstrict-prototypes]
     codegen2.h:77:6: warning: function declaration isn’t a prototype [-Wstrict-prototypes]
     codegen2.h:290:6: warning: function declaration isn’t a prototype [-Wstrict-prototypes]
     tran.c:104:1: warning: function declaration isn’t a prototype [-Wstrict-prototypes]
     tran.c:114:6: warning: function declaration isn’t a prototype [-Wstrict-prototypes]
     tran.c:244:6: warning: function declaration isn’t a prototype [-Wstrict-prototypes]
     tran.c:292:6: warning: function declaration isn’t a prototype [-Wstrict-prototypes]
     tran.c:415:20: warning: function declaration isn’t a prototype [-Wstrict-prototypes]
     tran.c:551:20: warning: function declaration isn’t a prototype [-Wstrict-prototypes]
     tran.c:618:6: warning: function declaration isn’t a prototype [-Wstrict-prototypes]
     tran.c:629:6: warning: function declaration isn’t a prototype [-Wstrict-prototypes]
     parseSyntaxErrors.h:35:20: warning: function declaration isn’t a prototype [-Wstrict-prototypes]
     parseSyntaxErrors.h:290:6: warning: function declaration isn’t a prototype [-Wstrict-prototypes]
     tran.c:650:6: warning: function declaration isn’t a prototype [-Wstrict-prototypes]
     utilc.c:33:12: warning: function declaration isn’t a prototype [-Wstrict-prototypes]
     utilc.c:35:12: warning: function declaration isn’t a prototype [-Wstrict-prototypes]
     init.c:18:1: warning: function declaration isn’t a prototype [-Wstrict-prototypes]
     init.c:44:1: warning: function declaration isn’t a prototype [-Wstrict-prototypes]
     init.c:47:1: warning: function declaration isn’t a prototype [-Wstrict-prototypes]
     init.c:51:1: warning: function declaration isn’t a prototype [-Wstrict-prototypes]
     init.c:52:1: warning: function declaration isn’t a prototype [-Wstrict-prototypes]
     init.c:54:1: warning: function declaration isn’t a prototype [-Wstrict-prototypes]
     init.c:104:1: warning: function declaration isn’t a prototype [-Wstrict-prototypes]
     init.c:129:1: warning: function declaration isn’t a prototype [-Wstrict-prototypes]
     init.c:137:1: warning: function declaration isn’t a prototype [-Wstrict-prototypes]
     init.c:163:1: warning: function declaration isn’t a prototype [-Wstrict-prototypes]
     init.c:166:1: warning: function declaration isn’t a prototype [-Wstrict-prototypes]
     init.c:221:1: warning: function declaration isn’t a prototype [-Wstrict-prototypes]
     init.c:223:1: warning: function declaration isn’t a prototype [-Wstrict-prototypes]
     init.c:224:1: warning: function declaration isn’t a prototype [-Wstrict-prototypes]
     init.c:228:1: warning: function declaration isn’t a prototype [-Wstrict-prototypes]
     init.c:266:1: warning: function declaration isn’t a prototype [-Wstrict-prototypes]
     init.c:292:1: warning: function declaration isn’t a prototype [-Wstrict-prototypes]
     init.c:297:1: warning: function declaration isn’t a prototype [-Wstrict-prototypes]
     init.c:298:1: warning: function declaration isn’t a prototype [-Wstrict-prototypes]
     init.c:311:1: warning: function declaration isn’t a prototype [-Wstrict-prototypes]
     init.c:312:1: warning: function declaration isn’t a prototype [-Wstrict-prototypes]
     init.c:560:1: warning: function declaration isn’t a prototype [-Wstrict-prototypes]
     init.c:561:1: warning: function declaration isn’t a prototype [-Wstrict-prototypes]
     init.c:562:1: warning: function declaration isn’t a prototype [-Wstrict-prototypes]
     lsoda.h:43:8: warning: function declaration isn’t a prototype [-Wstrict-prototypes]
     lsoda.h:44:8: warning: function declaration isn’t a prototype [-Wstrict-prototypes]
     daxpy.c:15:1: warning: function declaration isn’t a prototype [-Wstrict-prototypes]
     ddot.c:7:1: warning: function declaration isn’t a prototype [-Wstrict-prototypes]
     dscal.c:7:1: warning: function declaration isn’t a prototype [-Wstrict-prototypes]
     idamax.c:9:1: warning: function declaration isn’t a prototype [-Wstrict-prototypes]
     lsoda.c:897:26: warning: function declaration isn’t a prototype [-Wstrict-prototypes]
     lsoda.c:903:22: warning: function declaration isn’t a prototype [-Wstrict-prototypes]
Flavor: r-devel-linux-x86_64-debian-gcc

Version: 1.1.5
Check: compilation flags used
Result: NOTE
    Compilation used the following non-portable flag(s):
     ‘-Wstrict-prototypes’
Flavor: r-devel-linux-x86_64-debian-gcc

Version: 1.1.5
Check: whether package can be installed
Result: WARN
    Found the following significant warnings:
     ./lsoda.h:43:42: warning: a function declaration without a prototype is deprecated in all versions of C [-Wstrict-prototypes]
     ./lsoda.h:44:38: warning: a function declaration without a prototype is deprecated in all versions of C [-Wstrict-prototypes]
     ./../inst/include/RxODE.h:49:30: warning: a function declaration without a prototype is deprecated in all versions of C [-Wstrict-prototypes]
     30: warning: a function declaration without a prototype is deprecated in all versions of C [-Wstrict-prototypes]
     ./../inst/include/RxODE.h:299:33: warning: a function declaration without a prototype is deprecated in all versions of C [-Wstrict-prototypes]
     ./../inst/include/RxODE.h:301:30: warning: a function declaration without a prototype is deprecated in all versions of C [-Wstrict-prototypes]
     ./../inst/include/RxODE.h:303:22: warning: a function declaration without a prototype is deprecated in all versions of C [-Wstrict-prototypes]
     ./../inst/include/RxODE.h:304:23: warning: a function declaration without a prototype is deprecated in all versions of C [-Wstrict-prototypes]
     ./../inst/include/RxODE.h:312:18: warning: a function declaration without a prototype is deprecated in all versions of C [-Wstrict-prototypes]
     33: warning: a function declaration without a prototype is deprecated in all versions of C [-Wstrict-prototypes]
     ./../inst/include/RxODE.h./../inst/include/RxODE.h::301299::3033:: warning: warning: a function declaration without a prototype is deprecated in all versions of C [-Wstrict-prototypes]a function declaration without a prototype is deprecated in all versions of C [-Wstrict-prototypes]
     :: warning: warning: a function declaration without a prototype is deprecated in all versions of C [-Wstrict-prototypes]a function declaration without a prototype is deprecated in all versions of C [-Wstrict-prototypes]
     ./../inst/include/RxODE.h./../inst/include/RxODE.h::301304::3023::./../inst/include/RxODE.h :warning: warning: 304a function declaration without a prototype is deprecated in all versions of C [-Wstrict-prototypes]a function declaration without a prototype is deprecated in all versions of C [-Wstrict-prototypes]:
     23: warning: a function declaration without a prototype is deprecated in all versions of C [-Wstrict-prototypes]typedef void *(*t_assignFuns)();rx_solve *getRxSolve2_();
     18: warning: a function declaration without a prototype is deprecated in all versions of C [-Wstrict-prototypes]
     ./../inst/include/RxODE.h./../inst/include/RxODE.h./../inst/include/RxODE.h:::312304312:::182318::: warning: warning: warning: a function declaration without a prototype is deprecated in all versions of C [-Wstrict-prototypes]a function declaration without a prototype is deprecated in all versions of C [-Wstrict-prototypes]a function declaration without a prototype is deprecated in all versions of C [-Wstrict-prototypes]
     ./tran.h:7:21: warning: a function declaration without a prototype is deprecated in all versions of C [-Wstrict-prototypes]
     ./tran.h:287:11: warning: a function declaration without a prototype is deprecated in all versions of C [-Wstrict-prototypes]
     22: warning: a function declaration without a prototype is deprecated in all versions of C [-Wstrict-prototypes]
     call_dvode.c:21:27: warning: a function declaration without a prototype is deprecated in all versions of C [-Wstrict-prototypes]
     call_dvode.c:24:21: warning: a function declaration without a prototype is deprecated in all versions of C [-Wstrict-prototypes]
     call_dvode.c:34:39: warning: a function declaration without a prototype is deprecated in all versions of C [-Wstrict-prototypes]
     ./tran.h./../inst/include/RxODE.h::287304::1123:: warning: warning: a function declaration without a prototype is deprecated in all versions of C [-Wstrict-prototypes]a function declaration without a prototype is deprecated in all versions of C [-Wstrict-prototypes]call_dvode.c
     ./../inst/include/RxODE.h:304:23: warning: a function declaration without a prototype is deprecated in all versions of C [-Wstrict-prototypes]In file included from
     ./genModelVars.h:57:35: warning: a function declaration without a prototype is deprecated in all versions of C [-Wstrict-prototypes]
     11: warning: a function declaration without a prototype is deprecated in all versions of C [-Wstrict-prototypes]
     ./genModelVars.h:92:30: warning: a function declaration without a prototype is deprecated in all versions of C [-Wstrict-prototypes]
     init.c:18:18: warning: a function declaration without a prototype is deprecated in all versions of C [-Wstrict-prototypes]
     init.c:44:13: warning: a function declaration without a prototype is deprecated in all versions of C [-Wstrict-prototypes]
     init.c:47:23: warning: a function declaration without a prototype is deprecated in all versions of C [-Wstrict-prototypes]
     init.c:51:21: warning: a function declaration without a prototype is deprecated in all versions of C [-Wstrict-prototypes]
     init.c:52:41: warning: a function declaration without a prototype is deprecated in all versions of C [-Wstrict-prototypes]
     init.c:54:24: warning: a function declaration without a prototype is deprecated in all versions of C [-Wstrict-prototypes]
     init.c:104:18: warning: a function declaration without a prototype is deprecated in all versions of C [-Wstrict-prototypes]
     init.c:129:39: warning: a function declaration without a prototype is deprecated in all versions of C [-Wstrict-prototypes]
     init.c:137:27: warning: a function declaration without a prototype is deprecated in all versions of C [-Wstrict-prototypes]
     init.c:163:29: warning: a function declaration without a prototype is deprecated in all versions of C [-Wstrict-prototypes]
     init.c:166:25: warning: a function declaration without a prototype is deprecated in all versions of C [-Wstrict-prototypes]
     init.c:221:22: warning: a function declaration without a prototype is deprecated in all versions of C [-Wstrict-prototypes]
     init.c:223:35: warning: a function declaration without a prototype is deprecated in all versions of C [-Wstrict-prototypes]
     init.c:224:19: warning: a function declaration without a prototype is deprecated in all versions of C [-Wstrict-prototypes]
     init.c:228:18: warning: a function declaration without a prototype is deprecated in all versions of C [-Wstrict-prototypes]
     init.c:266:14: warning: a function declaration without a prototype is deprecated in all versions of C [-Wstrict-prototypes]
     init.c:292:17: warning: a function declaration without a prototype is deprecated in all versions of C [-Wstrict-prototypes]
     init.c:297:20: warning: a function declaration without a prototype is deprecated in all versions of C [-Wstrict-prototypes]
     init.c:298:28: warning: a function declaration without a prototype is deprecated in all versions of C [-Wstrict-prototypes]
     init.c:311:18: warning: a function declaration without a prototype is deprecated in all versions of C [-Wstrict-prototypes]
     init.c:312:17: warning: a function declaration without a prototype is deprecated in all versions of C [-Wstrict-prototypes]
     ./codegen2.h:77:15: warning: a function declaration without a prototype is deprecated in all versions of C [-Wstrict-prototypes]
     utilc.c:33:24: warning: a function declaration without a prototype is deprecated in all versions of C [-Wstrict-prototypes]
     utilc.c:35:27: warning: a function declaration without a prototype is deprecated in all versions of C [-Wstrict-prototypes]
     ./genModelVars.h:121:32: warning: a function declaration without a prototype is deprecated in all versions of C [-Wstrict-prototypes]
     ./genModelVars.h:146:31: warning: a function declaration without a prototype is deprecated in all versions of C [-Wstrict-prototypes]
     :43:42: warning: SEXP generateModelVars();a function declaration without a prototype is deprecated in all versions of C [-Wstrict-prototypes]
     genModelVars.c:5:23: warning: a function declaration without a prototype is deprecated in all versions of C [-Wstrict-prototypes]
     init.c:560:19: warning: a function declaration without a prototype is deprecated in all versions of C [-Wstrict-prototypes]
     init.c:561:11: warning: a function declaration without a prototype is deprecated in all versions of C [-Wstrict-prototypes]
     init.c:562:16: warning: a function declaration without a prototype is deprecated in all versions of C [-Wstrict-prototypes]
     ./codegen2.h:290:17: warning: a function declaration without a prototype is deprecated in all versions of C [-Wstrict-prototypes]
     ./genModelVars.h:27:31: warning: a function declaration without a prototype is deprecated in all versions of C [-Wstrict-prototypes]
     ./genModelVars.h:73:40: warning: a function declaration without a prototype is deprecated in all versions of C [-Wstrict-prototypes]
     ./genModelVars.h:340:23: warning: a function declaration without a prototype is deprecated in all versions of C [-Wstrict-prototypes]
     : warning: a function declaration without a prototype is deprecated in all versions of C [-Wstrict-prototypes]
     lsoda.c:903:38: warning: a function declaration without a prototype is deprecated in all versions of C [-Wstrict-prototypes]
     tran.c:104:21: warning: a function declaration without a prototype is deprecated in all versions of C [-Wstrict-prototypes]
     tran.c:114:11: warning: a function declaration without a prototype is deprecated in all versions of C [-Wstrict-prototypes]
     tran.c:244:19: warning: a function declaration without a prototype is deprecated in all versions of C [-Wstrict-prototypes]
     tran.c:292:11: warning: a function declaration without a prototype is deprecated in all versions of C [-Wstrict-prototypes]
     tran.c:415:37: warning: a function declaration without a prototype is deprecated in all versions of C [-Wstrict-prototypes]
     tran.c:551:39: warning: a function declaration without a prototype is deprecated in all versions of C [-Wstrict-prototypes]
     tran.c:618:23: warning: a function declaration without a prototype is deprecated in all versions of C [-Wstrict-prototypes]
     tran.c:629:21: warning: a function declaration without a prototype is deprecated in all versions of C [-Wstrict-prototypes]
     ./parseSyntaxErrors.h:35:42: warning: a function declaration without a prototype is deprecated in all versions of C [-Wstrict-prototypes]
     ./parseSyntaxErrors.h:290:21: warning: a function declaration without a prototype is deprecated in all versions of C [-Wstrict-prototypes]
     tran.c:650:18: warning: a function declaration without a prototype is deprecated in all versions of C [-Wstrict-prototypes]
     rxData.cpp:1254:15: warning: anonymous non-C-compatible type given name for linkage purposes by typedef declaration; add a tag name here [-Wnon-c-typedef-for-linkage]
     rxData.cpp:2343:15: warning: anonymous non-C-compatible type given name for linkage purposes by typedef declaration; add a tag name here [-Wnon-c-typedef-for-linkage]
Flavor: r-devel-linux-x86_64-fedora-clang

Version: 1.1.5
Check: installed package size
Result: NOTE
     installed size is 9.0Mb
     sub-directories of 1Mb or more:
     libs 6.4Mb
Flavors: r-devel-linux-x86_64-fedora-clang, r-devel-windows-x86_64, r-release-macos-arm64, r-release-macos-x86_64, r-release-windows-x86_64, r-oldrel-macos-arm64, r-oldrel-macos-x86_64, r-oldrel-windows-ix86+x86_64

Version: 1.1.5
Check: whether package can be installed
Result: WARN
    Found the following significant warnings:
     ../inst/include/RxODE.h:49:1: warning: function declaration isn’t a prototype [-Wstrict-prototypes]
     ../inst/include/RxODE.h:299:1: warning: function declaration isn’t a prototype [-Wstrict-prototypes]
     ../inst/include/RxODE.h:301:1: warning: function declaration isn’t a prototype [-Wstrict-prototypes]
     ../inst/include/RxODE.h:303:1: warning: function declaration isn’t a prototype [-Wstrict-prototypes]
     ../inst/include/RxODE.h:304:1: warning: function declaration isn’t a prototype [-Wstrict-prototypes]
     ../inst/include/RxODE.h:312:1: warning: function declaration isn’t a prototype [-Wstrict-prototypes]
     call_dvode.c:21:13: warning: function declaration isn’t a prototype [-Wstrict-prototypes]
     call_dvode.c:24:6: warning: function declaration isn’t a prototype [-Wstrict-prototypes]
     call_dvode.c:34:12: warning: function declaration isn’t a prototype [-Wstrict-prototypes]
     call_dvode.c:47:13: warning: function declaration isn’t a prototype [-Wstrict-prototypes]
     call_dvode.c:55:1: warning: function declaration isn’t a prototype [-Wstrict-prototypes]
     tran.h:7:1: warning: function declaration isn’t a prototype [-Wstrict-prototypes]
     tran.h:287:1: warning: function declaration isn’t a prototype [-Wstrict-prototypes]
     genModelVars.h:27:20: warning: function declaration isn’t a prototype [-Wstrict-prototypes]
     genModelVars.h:57:20: warning: function declaration isn’t a prototype [-Wstrict-prototypes]
     genModelVars.h:73:20: warning: function declaration isn’t a prototype [-Wstrict-prototypes]
     genModelVars.h:92:20: warning: function declaration isn’t a prototype [-Wstrict-prototypes]
     genModelVars.h:121:20: warning: function declaration isn’t a prototype [-Wstrict-prototypes]
     genModelVars.h:146:20: warning: function declaration isn’t a prototype [-Wstrict-prototypes]
     genModelVars.h:340:1: warning: function declaration isn’t a prototype [-Wstrict-prototypes]
     genModelVars.c:5:6: warning: function declaration isn’t a prototype [-Wstrict-prototypes]
     codegen2.h:77:6: warning: function declaration isn’t a prototype [-Wstrict-prototypes]
     codegen2.h:290:6: warning: function declaration isn’t a prototype [-Wstrict-prototypes]
     /data/gannet/ripley/R/test-dev/dparser/include/dparser.h:631:5: warning: function declaration isn’t a prototype [-Wstrict-prototypes]
     /data/gannet/ripley/R/test-dev/dparser/include/dparser.h:632:3: warning: function declaration isn’t a prototype [-Wstrict-prototypes]
     /data/gannet/ripley/R/test-dev/dparser/include/dparser.h:633:3: warning: function declaration isn’t a prototype [-Wstrict-prototypes]
     /data/gannet/ripley/R/test-dev/dparser/include/dparser.h:637:5: warning: function declaration isn’t a prototype [-Wstrict-prototypes]
     /data/gannet/ripley/R/test-dev/dparser/include/dparser.h:638:3: warning: function declaration isn’t a prototype [-Wstrict-prototypes]
     /data/gannet/ripley/R/test-dev/dparser/include/dparser.h:639:3: warning: function declaration isn’t a prototype [-Wstrict-prototypes]
     /data/gannet/ripley/R/test-dev/dparser/include/dparser.h:643:5: warning: function declaration isn’t a prototype [-Wstrict-prototypes]
     /data/gannet/ripley/R/test-dev/dparser/include/dparser.h:644:3: warning: function declaration isn’t a prototype [-Wstrict-prototypes]
     /data/gannet/ripley/R/test-dev/dparser/include/dparser.h:645:3: warning: function declaration isn’t a prototype [-Wstrict-prototypes]
     /data/gannet/ripley/R/test-dev/dparser/include/dparser.h:649:5: warning: function declaration isn’t a prototype [-Wstrict-prototypes]
     /data/gannet/ripley/R/test-dev/dparser/include/dparser.h:650:3: warning: function declaration isn’t a prototype [-Wstrict-prototypes]
     /data/gannet/ripley/R/test-dev/dparser/include/dparser.h:651:3: warning: function declaration isn’t a prototype [-Wstrict-prototypes]
     /data/gannet/ripley/R/test-dev/dparser/include/dparser.h:655:5: warning: function declaration isn’t a prototype [-Wstrict-prototypes]
     /data/gannet/ripley/R/test-dev/dparser/include/dparser.h:656:3: warning: function declaration isn’t a prototype [-Wstrict-prototypes]
     /data/gannet/ripley/R/test-dev/dparser/include/dparser.h:657:3: warning: function declaration isn’t a prototype [-Wstrict-prototypes]
     tran.c:104:1: warning: function declaration isn’t a prototype [-Wstrict-prototypes]
     tran.c:114:6: warning: function declaration isn’t a prototype [-Wstrict-prototypes]
     tran.c:244:6: warning: function declaration isn’t a prototype [-Wstrict-prototypes]
     tran.c:292:6: warning: function declaration isn’t a prototype [-Wstrict-prototypes]
     tran.c:415:20: warning: function declaration isn’t a prototype [-Wstrict-prototypes]
     tran.c:551:20: warning: function declaration isn’t a prototype [-Wstrict-prototypes]
     tran.c:618:6: warning: function declaration isn’t a prototype [-Wstrict-prototypes]
     tran.c:629:6: warning: function declaration isn’t a prototype [-Wstrict-prototypes]
     parseSyntaxErrors.h:35:20: warning: function declaration isn’t a prototype [-Wstrict-prototypes]
     parseSyntaxErrors.h:290:6: warning: function declaration isn’t a prototype [-Wstrict-prototypes]
     tran.c:650:6: warning: function declaration isn’t a prototype [-Wstrict-prototypes]
     utilc.c:33:12: warning: function declaration isn’t a prototype [-Wstrict-prototypes]
     utilc.c:35:12: warning: function declaration isn’t a prototype [-Wstrict-prototypes]
     init.c:18:1: warning: function declaration isn’t a prototype [-Wstrict-prototypes]
     init.c:44:1: warning: function declaration isn’t a prototype [-Wstrict-prototypes]
     init.c:47:1: warning: function declaration isn’t a prototype [-Wstrict-prototypes]
     init.c:51:1: warning: function declaration isn’t a prototype [-Wstrict-prototypes]
     init.c:52:1: warning: function declaration isn’t a prototype [-Wstrict-prototypes]
     init.c:54:1: warning: function declaration isn’t a prototype [-Wstrict-prototypes]
     init.c:104:1: warning: function declaration isn’t a prototype [-Wstrict-prototypes]
     init.c:129:1: warning: function declaration isn’t a prototype [-Wstrict-prototypes]
     init.c:137:1: warning: function declaration isn’t a prototype [-Wstrict-prototypes]
     init.c:163:1: warning: function declaration isn’t a prototype [-Wstrict-prototypes]
     init.c:166:1: warning: function declaration isn’t a prototype [-Wstrict-prototypes]
     init.c:221:1: warning: function declaration isn’t a prototype [-Wstrict-prototypes]
     init.c:223:1: warning: function declaration isn’t a prototype [-Wstrict-prototypes]
     init.c:224:1: warning: function declaration isn’t a prototype [-Wstrict-prototypes]
     init.c:228:1: warning: function declaration isn’t a prototype [-Wstrict-prototypes]
     init.c:266:1: warning: function declaration isn’t a prototype [-Wstrict-prototypes]
     init.c:292:1: warning: function declaration isn’t a prototype [-Wstrict-prototypes]
     init.c:297:1: warning: function declaration isn’t a prototype [-Wstrict-prototypes]
     init.c:298:1: warning: function declaration isn’t a prototype [-Wstrict-prototypes]
     init.c:311:1: warning: function declaration isn’t a prototype [-Wstrict-prototypes]
     init.c:312:1: warning: function declaration isn’t a prototype [-Wstrict-prototypes]
     init.c:560:1: warning: function declaration isn’t a prototype [-Wstrict-prototypes]
     init.c:561:1: warning: function declaration isn’t a prototype [-Wstrict-prototypes]
     init.c:562:1: warning: function declaration isn’t a prototype [-Wstrict-prototypes]
     lsoda.h:43:8: warning: function declaration isn’t a prototype [-Wstrict-prototypes]
     lsoda.h:44:8: warning: function declaration isn’t a prototype [-Wstrict-prototypes]
     daxpy.c:15:1: warning: function declaration isn’t a prototype [-Wstrict-prototypes]
     ddot.c:7:1: warning: function declaration isn’t a prototype [-Wstrict-prototypes]
     dscal.c:7:1: warning: function declaration isn’t a prototype [-Wstrict-prototypes]
     idamax.c:9:1: warning: function declaration isn’t a prototype [-Wstrict-prototypes]
     lsoda.c:897:26: warning: function declaration isn’t a prototype [-Wstrict-prototypes]
     lsoda.c:903:22: warning: function declaration isn’t a prototype [-Wstrict-prototypes]
Flavor: r-devel-linux-x86_64-fedora-gcc