CRAN Package Check Results for Package SAMCpack

Last updated on 2019-10-15 05:47:58 CEST.

Flavor Version Tinstall Tcheck Ttotal Status Flags
r-devel-linux-x86_64-debian-clang 0.1.1 81.89 28.85 110.74 OK
r-devel-linux-x86_64-debian-gcc 0.1.1 54.11 23.60 77.71 OK
r-devel-linux-x86_64-fedora-clang 0.1.1 147.25 OK
r-devel-linux-x86_64-fedora-gcc 0.1.1 148.19 OK
r-devel-windows-ix86+x86_64 0.1.1 130.00 73.00 203.00 OK
r-patched-linux-x86_64 0.1.1 60.27 28.47 88.74 OK
r-patched-solaris-x86 0.1.1 135.40 WARN
r-release-linux-x86_64 0.1.1 59.55 28.28 87.83 OK
r-release-windows-ix86+x86_64 0.1.1 187.00 95.00 282.00 OK
r-release-osx-x86_64 0.1.1 OK
r-oldrel-windows-ix86+x86_64 0.1.1 123.00 64.00 187.00 OK
r-oldrel-osx-x86_64 0.1.1 OK

Check Details

Version: 0.1.1
Check: re-building of vignette outputs
Result: WARN
    Error(s) in re-building vignettes:
     ...
    --- re-building ‘R-versus-CPP.Rmd’ using rmarkdown
    Warning in engine$weave(file, quiet = quiet, encoding = enc) :
     Pandoc (>= 1.12.3) and/or pandoc-citeproc not available. Falling back to R Markdown v1.
    Quitting from lines 63-72 (R-versus-CPP.Rmd)
    Error: processing vignette 'R-versus-CPP.Rmd' failed with diagnostics:
    argument is of length zero
    --- failed re-building ‘R-versus-CPP.Rmd’
    
    SUMMARY: processing the following file failed:
     ‘R-versus-CPP.Rmd’
    
    Error: Vignette re-building failed.
    Execution halted
Flavor: r-patched-solaris-x86