CRAN Package Check Results for Package SAMCpack

Last updated on 2019-07-16 05:48:31 CEST.

Flavor Version Tinstall Tcheck Ttotal Status Flags
r-devel-linux-x86_64-debian-clang 0.1.1 63.88 29.12 93.00 OK
r-devel-linux-x86_64-debian-gcc 0.1.1 55.19 24.00 79.19 OK
r-devel-linux-x86_64-fedora-clang 0.1.1 134.50 OK
r-devel-linux-x86_64-fedora-gcc 0.1.1 139.93 OK
r-devel-windows-ix86+x86_64 0.1.1 184.00 92.00 276.00 OK
r-patched-linux-x86_64 0.1.1 64.08 29.51 93.59 OK
r-patched-solaris-x86 0.1.1 154.20 WARN
r-release-linux-x86_64 0.1.1 63.71 29.28 92.99 OK
r-release-windows-ix86+x86_64 0.1.1 136.00 96.00 232.00 OK
r-release-osx-x86_64 0.1.1 OK
r-oldrel-windows-ix86+x86_64 0.1.1 187.00 65.00 252.00 OK
r-oldrel-osx-x86_64 0.1.1 OK

Check Details

Version: 0.1.1
Check: re-building of vignette outputs
Result: WARN
    Error(s) in re-building vignettes:
     ...
    --- re-building ‘R-versus-CPP.Rmd’ using rmarkdown
    Warning in engine$weave(file, quiet = quiet, encoding = enc) :
     Pandoc (>= 1.12.3) and/or pandoc-citeproc not available. Falling back to R Markdown v1.
    Quitting from lines 63-72 (R-versus-CPP.Rmd)
    Error: processing vignette 'R-versus-CPP.Rmd' failed with diagnostics:
    argument is of length zero
    --- failed re-building ‘R-versus-CPP.Rmd’
    
    SUMMARY: processing the following file failed:
     ‘R-versus-CPP.Rmd’
    
    Error: Vignette re-building failed.
    Execution halted
Flavor: r-patched-solaris-x86