CRAN Package Check Results for Package SAMGEP

Last updated on 2022-01-20 05:50:35 CET.

Flavor Version Tinstall Tcheck Ttotal Status Flags
r-devel-linux-x86_64-debian-clang 0.1.0-1 OK
r-devel-linux-x86_64-debian-gcc 0.1.0-1 34.12 223.82 257.94 OK
r-devel-linux-x86_64-fedora-clang 0.1.0-1 425.51 NOTE
r-devel-linux-x86_64-fedora-gcc 0.1.0-1 409.99 NOTE
r-devel-windows-x86_64-new-UL 0.1.0-1 55.00 358.00 413.00 OK
r-devel-windows-x86_64-new-TK 0.1.0-1 NOTE
r-patched-linux-x86_64 0.1.0-1 41.88 288.81 330.69 OK
r-release-linux-x86_64 0.1.0-1 OK
r-release-macos-arm64 0.1.0-1 NOTE
r-release-macos-x86_64 0.1.0-1 NOTE
r-release-windows-ix86+x86_64 0.1.0-1 113.00 370.00 483.00 OK
r-oldrel-macos-x86_64 0.1.0-1 NOTE
r-oldrel-windows-ix86+x86_64 0.1.0-1 114.00 373.00 487.00 OK

Check Details

Version: 0.1.0-1
Check: dependencies in R code
Result: NOTE
    Namespace in Imports field not imported from: ‘Rcpp’
     All declared Imports should be used.
Flavors: r-devel-linux-x86_64-fedora-clang, r-devel-linux-x86_64-fedora-gcc, r-devel-windows-x86_64-new-TK, r-release-macos-arm64, r-release-macos-x86_64, r-oldrel-macos-x86_64