CRAN Package Check Results for Package SAMM

Last updated on 2019-07-16 05:48:31 CEST.

Flavor Version Tinstall Tcheck Ttotal Status Flags
r-devel-linux-x86_64-debian-clang 1.1.1 97.52 23.27 120.79 OK
r-devel-linux-x86_64-debian-gcc 1.1.1 85.54 19.09 104.63 OK
r-devel-linux-x86_64-fedora-clang 1.1.1 170.11 NOTE
r-devel-linux-x86_64-fedora-gcc 1.1.1 192.34 OK
r-devel-windows-ix86+x86_64 1.1.1 201.00 61.00 262.00 OK
r-patched-linux-x86_64 1.1.1 92.76 23.34 116.10 OK
r-patched-solaris-x86 1.1.1 170.50 OK
r-release-linux-x86_64 1.1.1 90.58 23.28 113.86 OK
r-release-windows-ix86+x86_64 1.1.1 151.00 81.00 232.00 OK
r-release-osx-x86_64 1.1.1 NOTE
r-oldrel-windows-ix86+x86_64 1.1.1 197.00 61.00 258.00 OK
r-oldrel-osx-x86_64 1.1.1 NOTE

Check Details

Version: 1.1.1
Check: installed package size
Result: NOTE
     installed size is 13.3Mb
     sub-directories of 1Mb or more:
     libs 13.2Mb
Flavors: r-devel-linux-x86_64-fedora-clang, r-release-osx-x86_64, r-oldrel-osx-x86_64