Last updated on 2023-10-01 06:53:19 CEST.
Flavor | Version | Tinstall | Tcheck | Ttotal | Status | Flags |
---|---|---|---|---|---|---|
r-devel-linux-x86_64-debian-clang | 1.0.0 | 52.34 | 540.79 | 593.13 | OK | |
r-devel-linux-x86_64-debian-gcc | 1.0.0 | 41.37 | 395.71 | 437.08 | OK | |
r-devel-linux-x86_64-fedora-clang | 1.0.0 | 757.01 | NOTE | |||
r-devel-linux-x86_64-fedora-gcc | 1.0.0 | 773.71 | NOTE | |||
r-devel-windows-x86_64 | 1.0.0 | 43.00 | 364.00 | 407.00 | OK | |
r-patched-linux-x86_64 | 1.0.0 | 33.17 | 509.32 | 542.49 | OK | |
r-release-linux-x86_64 | 1.0.0 | 34.07 | 514.80 | 548.87 | OK | |
r-release-macos-arm64 | 1.0.0 | 205.00 | OK | |||
r-release-macos-x86_64 | 1.0.0 | 368.00 | OK | |||
r-release-windows-x86_64 | 1.0.0 | 56.00 | 447.00 | 503.00 | OK | |
r-oldrel-macos-arm64 | 1.0.0 | 180.00 | NOTE | |||
r-oldrel-macos-x86_64 | 1.0.0 | 288.00 | NOTE | |||
r-oldrel-windows-x86_64 | 1.0.0 | 58.00 | 436.00 | 494.00 | OK |
Version: 1.0.0
Check: dependencies in R code
Result: NOTE
Namespaces in Imports field not imported from:
‘BiocManager’ ‘crayon’ ‘knitr’ ‘methods’
All declared Imports should be used.
Flavors: r-devel-linux-x86_64-fedora-clang, r-devel-linux-x86_64-fedora-gcc, r-oldrel-macos-arm64, r-oldrel-macos-x86_64