CRAN Package Check Results for Package SDLfilter

Last updated on 2021-06-23 05:49:42 CEST.

Flavor Version Tinstall Tcheck Ttotal Status Flags
r-devel-linux-x86_64-debian-clang 2.1.0 26.42 248.29 274.71 OK
r-devel-linux-x86_64-debian-gcc 2.1.0 23.10 185.07 208.17 OK
r-devel-linux-x86_64-fedora-clang 2.1.0 326.82 OK
r-devel-linux-x86_64-fedora-gcc 2.1.0 319.75 OK
r-devel-windows-x86_64 2.1.0 44.00 298.00 342.00 OK
r-devel-windows-x86_64-gcc10-UCRT 2.1.0 ERROR
r-patched-linux-x86_64 2.1.0 27.72 231.42 259.14 OK
r-patched-solaris-x86 2.1.0 475.60 OK
r-release-linux-x86_64 2.1.0 23.42 230.18 253.60 OK
r-release-macos-arm64 2.1.0 ERROR
r-release-macos-x86_64 2.1.0 OK
r-release-windows-ix86+x86_64 2.1.0 49.00 238.00 287.00 OK
r-oldrel-macos-x86_64 2.1.0 OK

Check Details

Version: 2.1.0
Check: package dependencies
Result: ERROR
    Packages required but not available: 'ggsn', 'ggmap'
    
    See section 'The DESCRIPTION file' in the 'Writing R Extensions'
    manual.
Flavor: r-devel-windows-x86_64-gcc10-UCRT

Version: 2.1.0
Check: package dependencies
Result: ERROR
    Package required but not available: ‘plotKML’
    
    See section ‘The DESCRIPTION file’ in the ‘Writing R Extensions’
    manual.
Flavor: r-release-macos-arm64