CRAN Package Check Results for Package SDLfilter

Last updated on 2019-08-25 05:46:58 CEST.

Flavor Version Tinstall Tcheck Ttotal Status Flags
r-devel-linux-x86_64-debian-clang 1.2.1 17.89 152.46 170.35 OK
r-devel-linux-x86_64-debian-gcc 1.2.1 18.29 116.26 134.55 OK
r-devel-linux-x86_64-fedora-clang 1.2.1 209.24 NOTE
r-devel-linux-x86_64-fedora-gcc 1.2.1 201.81 NOTE
r-devel-windows-ix86+x86_64 1.2.1 44.00 301.00 345.00 OK
r-patched-linux-x86_64 1.2.1 18.55 146.98 165.53 OK
r-patched-solaris-x86 1.2.1 314.20 NOTE
r-release-linux-x86_64 1.2.1 19.58 145.91 165.49 OK
r-release-windows-ix86+x86_64 1.2.1 66.00 245.00 311.00 OK
r-release-osx-x86_64 1.2.1 NOTE
r-oldrel-windows-ix86+x86_64 1.2.1 35.00 254.00 289.00 OK
r-oldrel-osx-x86_64 1.2.1 NOTE

Check Details

Version: 1.2.1
Check: dependencies in R code
Result: NOTE
    Namespace in Imports field not imported from: ‘maps’
     All declared Imports should be used.
Flavors: r-devel-linux-x86_64-fedora-clang, r-devel-linux-x86_64-fedora-gcc, r-patched-solaris-x86, r-release-osx-x86_64, r-oldrel-osx-x86_64